{"id":13,"date":"2020-03-22T19:54:20","date_gmt":"2020-03-22T22:54:20","guid":{"rendered":"http:\/\/localhost\/ppas\/?page_id=13"},"modified":"2025-03-17T21:59:15","modified_gmt":"2025-03-18T00:59:15","slug":"carrera-de-doctorado-en-antropologia-social","status":"publish","type":"page","link":"https:\/\/ppas.unam.edu.ar\/?page_id=13","title":{"rendered":"Doctorado en Antropolog\u00eda Social"},"content":{"rendered":"\t\t<div data-elementor-type=\"wp-page\" data-elementor-id=\"13\" class=\"elementor elementor-13\" data-elementor-post-type=\"page\">\n\t\t\t\t\t\t<section class=\"elementor-section elementor-top-section elementor-element elementor-element-7890027 elementor-section-boxed elementor-section-height-default elementor-section-height-default\" data-id=\"7890027\" data-element_type=\"section\">\n\t\t\t\t\t\t<div class=\"elementor-container elementor-column-gap-default\">\n\t\t\t\t\t<div class=\"elementor-column elementor-col-100 elementor-top-column elementor-element elementor-element-120fd4c\" data-id=\"120fd4c\" data-element_type=\"column\">\n\t\t\t<div class=\"elementor-widget-wrap elementor-element-populated\">\n\t\t\t\t\t\t<div class=\"elementor-element elementor-element-b437964 elementor-widget elementor-widget-spacer\" data-id=\"b437964\" data-element_type=\"widget\" data-widget_type=\"spacer.default\">\n\t\t\t\t<div class=\"elementor-widget-container\">\n\t\t\t\t\t\t\t<div class=\"elementor-spacer\">\n\t\t\t<div class=\"elementor-spacer-inner\"><\/div>\n\t\t<\/div>\n\t\t\t\t\t\t<\/div>\n\t\t\t\t<\/div>\n\t\t\t\t<div class=\"elementor-element elementor-element-8a6b770 elementor-widget elementor-widget-heading\" data-id=\"8a6b770\" data-element_type=\"widget\" data-widget_type=\"heading.default\">\n\t\t\t\t<div class=\"elementor-widget-container\">\n\t\t\t\t\t<h1 class=\"elementor-heading-title elementor-size-default\">Doctorado en Antropolog\u00eda Social<\/h1>\t\t\t\t<\/div>\n\t\t\t\t<\/div>\n\t\t\t\t\t<\/div>\n\t\t<\/div>\n\t\t\t\t\t<\/div>\n\t\t<\/section>\n\t\t\t\t<section class=\"elementor-section elementor-top-section elementor-element elementor-element-756808e elementor-section-boxed elementor-section-height-default elementor-section-height-default\" data-id=\"756808e\" data-element_type=\"section\">\n\t\t\t\t\t\t<div class=\"elementor-container elementor-column-gap-default\">\n\t\t\t\t\t<div class=\"elementor-column elementor-col-33 elementor-top-column elementor-element elementor-element-1a076ab\" data-id=\"1a076ab\" data-element_type=\"column\">\n\t\t\t<div class=\"elementor-widget-wrap elementor-element-populated\">\n\t\t\t\t\t\t<div class=\"elementor-element elementor-element-04333a7 elementor-hidden-mobile elementor-toc--minimized-on-tablet elementor-widget elementor-widget-table-of-contents\" data-id=\"04333a7\" data-element_type=\"widget\" data-settings=\"{&quot;headings_by_tags&quot;:[&quot;h4&quot;],&quot;exclude_headings_by_selector&quot;:[],&quot;no_headings_message&quot;:&quot;No headings were found on this page.&quot;,&quot;sticky&quot;:&quot;top&quot;,&quot;sticky_offset&quot;:150,&quot;marker_view&quot;:&quot;numbers&quot;,&quot;minimize_box&quot;:&quot;yes&quot;,&quot;minimized_on&quot;:&quot;tablet&quot;,&quot;hierarchical_view&quot;:&quot;yes&quot;,&quot;min_height&quot;:{&quot;unit&quot;:&quot;px&quot;,&quot;size&quot;:&quot;&quot;,&quot;sizes&quot;:[]},&quot;min_height_tablet&quot;:{&quot;unit&quot;:&quot;px&quot;,&quot;size&quot;:&quot;&quot;,&quot;sizes&quot;:[]},&quot;min_height_mobile&quot;:{&quot;unit&quot;:&quot;px&quot;,&quot;size&quot;:&quot;&quot;,&quot;sizes&quot;:[]},&quot;sticky_on&quot;:[&quot;desktop&quot;,&quot;tablet&quot;,&quot;mobile&quot;],&quot;sticky_effects_offset&quot;:0,&quot;sticky_anchor_link_offset&quot;:0}\" data-widget_type=\"table-of-contents.default\">\n\t\t\t\t<div class=\"elementor-widget-container\">\n\t\t\t\t\t\t\t<div class=\"elementor-toc__header\">\n\t\t\t<h4 class=\"elementor-toc__header-title\">\n\t\t\t\tContenidos:\t\t\t<\/h4>\n\t\t\t\t\t\t\t<div class=\"elementor-toc__toggle-button elementor-toc__toggle-button--expand\" role=\"button\" tabindex=\"0\" aria-controls=\"elementor-toc__04333a7\" aria-expanded=\"true\" aria-label=\"Open table of contents\"><i aria-hidden=\"true\" class=\"fas fa-chevron-down\"><\/i><\/div>\n\t\t\t\t<div class=\"elementor-toc__toggle-button elementor-toc__toggle-button--collapse\" role=\"button\" tabindex=\"0\" aria-controls=\"elementor-toc__04333a7\" aria-expanded=\"true\" aria-label=\"Close table of contents\"><i aria-hidden=\"true\" class=\"fas fa-chevron-up\"><\/i><\/div>\n\t\t\t\t\t<\/div>\n\t\t<div id=\"elementor-toc__04333a7\" class=\"elementor-toc__body\">\n\t\t\t<div class=\"elementor-toc__spinner-container\">\n\t\t\t\t<i class=\"elementor-toc__spinner eicon-animation-spin eicon-loading\" aria-hidden=\"true\"><\/i>\t\t\t<\/div>\n\t\t<\/div>\n\t\t\t\t\t\t<\/div>\n\t\t\t\t<\/div>\n\t\t\t\t\t<\/div>\n\t\t<\/div>\n\t\t\t\t<div class=\"elementor-column elementor-col-66 elementor-top-column elementor-element elementor-element-b7511d4\" data-id=\"b7511d4\" data-element_type=\"column\">\n\t\t\t<div class=\"elementor-widget-wrap elementor-element-populated\">\n\t\t\t\t\t\t<div class=\"elementor-element elementor-element-211a7c1 elementor-widget elementor-widget-text-editor\" data-id=\"211a7c1\" data-element_type=\"widget\" data-widget_type=\"text-editor.default\">\n\t\t\t\t<div class=\"elementor-widget-container\">\n\t\t\t\t\t\t\t\t\t<h4><strong>RESUMEN<\/strong><\/h4><p style=\"text-align: justify;\">El Doctorado en Antropolog\u00eda Social es parte integrante del Programa de Posgrado en Antropolog\u00eda Social (PPAS), dependiente de la Secretar\u00eda de Investigaci\u00f3n y Posgrado de la Facultad de Humanidades y Ciencias Sociales de la Universidad Nacional de Misiones.<\/p><p style=\"text-align: justify;\">La carrera de Doctorado tiene una duraci\u00f3n formal de cuatro (4) semestres, con un total de 600 horas o 60 cr\u00e9ditos (10 horas = 1 cr\u00e9dito), discriminadas en 300 horas escolarizadas (i.e., 30 cr\u00e9ditos en cursos) y 300 horas (30 cr\u00e9ditos) tutoriales y de investigaci\u00f3n supervisada.<\/p><p style=\"text-align: justify;\">Al final del cursado de los seminarios, la aprobaci\u00f3n de una prueba comprensiva habilita al alumno como candidato doctoral. El grado de Doctor en Antropolog\u00eda Social se obtiene mediante la realizaci\u00f3n de una investigaci\u00f3n, y la presentaci\u00f3n y aprobaci\u00f3n de una tesis con defensa oral y p\u00fablica.<\/p><h4 style=\"text-align: justify;\"><strong>OBJETIVOS<\/strong><\/h4><p style=\"text-align: justify;\">El principal objetivo de este nivel es producir investigadores capacitados para efectuar aut\u00e9nticos aportes originales en el campo de la Antropolog\u00eda Social, a partir de criterios de universalidad y excelencia acad\u00e9mica. Esos aportes originales se expresar\u00e1n en una Tesis de Doctorado de car\u00e1cter individual, realizada bajo la supervisi\u00f3n de un Director de Tesis. La Tesis ser\u00e1 evaluada por un Jurado <em>ad hoc<\/em> integrado por una mayor\u00eda de miembros externos a la instituci\u00f3n y su aprobaci\u00f3n implica el otorgamiento del t\u00edtulo acad\u00e9mico de Doctor.<\/p><p style=\"text-align: justify;\">Se propone asimismo posibilitar la continuaci\u00f3n de los estudios de posgrado a los egresados con el t\u00edtulo de Mag\u00edster del PPAS-UNaM y a quienes, poseyendo ya un t\u00edtulo equivalente otorgado por instituciones reconocidas, aspiren a obtener el t\u00edtulo m\u00e1ximo en un programa de excelencia acad\u00e9mica.<\/p><h4 style=\"text-align: justify;\"><strong>DESCRIPCI\u00d3N SINT\u00c9TICA<\/strong><\/h4><p style=\"text-align: justify;\"><strong>\u00c1mbito Acad\u00e9mico: <\/strong>Programa de Posgrado en Antropolog\u00eda Social, Secretar\u00eda de Investigaci\u00f3n y Posgrado, Facultad de Humanidades y Ciencias Sociales, Universidad Nacional de Misiones.<\/p><p style=\"text-align: justify;\"><strong>T\u00edtulo a otorgar: <\/strong>Doctor en Antropolog\u00eda Social<\/p><p style=\"text-align: justify;\"><strong>Duraci\u00f3n formal de los estudios: <\/strong>Cuatro semestres (60 cr\u00e9ditos = 600 horas)<\/p><p style=\"text-align: justify;\"><strong>Obtenci\u00f3n del grado: <\/strong>Por presentaci\u00f3n y defensa ante un tribunal <em>ad hoc<\/em> (con mayor\u00eda de integrantes de otras instituciones) de una tesis original basada en investigaci\u00f3n supervisada.<\/p><p style=\"text-align: justify;\"><strong>Admisi\u00f3n de postulantes:<\/strong><\/p><p style=\"text-align: justify;\">Pueden postular al Doctorado los egresados de la carrera de Licenciatura en Antropolog\u00eda Social de la UNaM o de carreras similares de universidades argentinas o extranjeras.<\/p><p style=\"text-align: justify;\">El plan de estudios del Doctorado contempla el cursado y aprobaci\u00f3n de un m\u00ednimo de seis asignaturas (30 cr\u00e9ditos), a los que se suman 30 cr\u00e9ditos de investigaci\u00f3n y tutoriales, resultando as\u00ed en un total de 600 horas. El CAP examinar\u00e1 los antecedentes de los candidatos y, en funci\u00f3n de su trayectoria y de su proximidad a la disciplina, podr\u00e1 asignar la obligaci\u00f3n de aprobar desde una a seis asignaturas adicionales (entre 5 y 30 cr\u00e9ditos). En el caso de los graduados de carreras no afines, \u00e9stos deber\u00e1n contar previamente con un t\u00edtulo de Maestr\u00eda en Antropolog\u00eda de la UNaM o de otra universidad.\u00bb<\/p><p style=\"text-align: justify;\">Se distinguen claramente tres categor\u00edas de aspirantes:<\/p><ol style=\"text-align: justify;\"><li>a) <strong>Graduados con tesis en Antropolog\u00eda<\/strong>. En casos que no dispongan de antecedentes relevantes fuera de la propia licenciatura, el n\u00famero de asignaturas podr\u00e1 extenderse de seis hasta nueve (de 30 a 45 cr\u00e9ditos).<\/li><li>b) <strong>Graduados con tesis en carreras afines.<\/strong> El n\u00famero de asignaturas ser\u00e1 de nueve hasta doce (45 a 60 cr\u00e9ditos).<\/li><li>c) <strong>Graduados en carreras no afines <\/strong>(o en Antropolog\u00eda o carreras afines, pero sin tesis). Deber\u00e1n cursar y aprobar la Maestr\u00eda, y luego aprobar las seis asignaturas del Doctorado. En el caso de aspirantes que ya cuenten directamente con una tesis de maestr\u00eda en antropolog\u00eda social (IDES, Universidad Nacional de C\u00f3rdoba, Universidad de Buenos Aires u otros), tendr\u00e1n que aprobar seis asignaturas.<\/li><\/ol><p style=\"text-align: justify;\">En cada caso, el CAP examinar\u00e1 globalmente las condiciones del\/de la aspirante, en base a lo cual determinar\u00e1 el n\u00famero de asignaturas que deber\u00e1 aprobar.<\/p><p style=\"text-align: justify;\">Los postulantes deber\u00e1n presentar un proyecto de investigaci\u00f3n sobre una tem\u00e1tica ubicable en alguna de las l\u00edneas de investigaci\u00f3n definidas por el PPAS que cuente con el aval de un profesor perteneciente al plantel estable. Deber\u00e1n tambi\u00e9n presentar constancia de su capacidad para leer fluidamente en ingl\u00e9s. La selecci\u00f3n final ser\u00e1 efectuada por el CAP, que tomar\u00e1 en cuenta (a) los antecedentes del o de la postulante, (b) la calidad del proyecto de investigaci\u00f3n presentado y (c) la disponibilidad de docentes-investigadores para supervisar la investigaci\u00f3n y la elaboraci\u00f3n de la tesis doctoral.<\/p><p style=\"text-align: justify;\"><strong>Perfil del postulante: <\/strong>El Programa de Doctorado est\u00e1 dirigido a personas que hayan demostrado su vocaci\u00f3n por la investigaci\u00f3n. Se dar\u00e1 prioridad a los candidatos que posean formaci\u00f3n en antropolog\u00eda o en otras ciencias sociales. Por v\u00edas de excepci\u00f3n podr\u00e1n ser aceptados postulantes cuya formaci\u00f3n de grado haya sido en otras disciplinas, siempre y cuando posean un grado de Maestr\u00eda en Antropolog\u00eda o en otra disciplina af\u00edn. El proyecto de investigaci\u00f3n que presente el candidato y sus antecedentes en la tem\u00e1tica propuesta, constituyen elementos cr\u00edticos en la decisi\u00f3n acerca de su admisi\u00f3n al Programa.<\/p><p style=\"text-align: justify;\"><strong>Docentes:\u00a0 <\/strong>Los docentes que dicten cursos acreditables para el Programa de Doctorado y aquellos que se desempe\u00f1en como supervisores de investigaci\u00f3n y Directores de Tesis, deber\u00e1n poseer como m\u00ednimo el t\u00edtulo de Doctor o, en su defecto, acreditar antecedentes equivalentes (<em>e.g.<\/em>, poseer la Categor\u00eda I en el Programa Nacional de Incentivos a la Investigaci\u00f3n, o la Categor\u00eda de Investigador Principal o Superior en el CONICET, o una trayectoria en investigaci\u00f3n que comprenda no menos de diez (10) t\u00edtulos principales publicados por revistas o editoriales de reconocido prestigio y haberse desempe\u00f1ado como Director de proyectos de investigaci\u00f3n reconocidos y evaluados por los principales \u00f3rganos cient\u00edficos del pa\u00eds, con una antig\u00fcedad no menor a los cinco a\u00f1os).<\/p><p style=\"text-align: justify;\"><strong>Director de Tesis y de Investigaci\u00f3n: <\/strong>Al ser aceptado en el Programa un postulante, el CAP designar\u00e1 a su Director de Tesis y de Investigaci\u00f3n, teniendo en cuenta (a) la propuesta del candidato y (b) la congruencia de su proyecto de investigaci\u00f3n con alguna de las l\u00edneas de investigaci\u00f3n llevadas a cabo por docentes del plantel permanente o por Profesores Visitantes cuya presencia se extienda a por lo menos dos a\u00f1os acad\u00e9micos. El Profesor designado deber\u00e1: (1) guiar al postulante en la selecci\u00f3n de cursos para la parte escolarizada del Programa; (2) incorporar a \u00e9ste en uno de los proyectos de investigaci\u00f3n bajo su direcci\u00f3n; y (3) acordar con el postulante y elevar al CAP un programa de entrevistas y seguimiento tutorial que comprenda un m\u00ednimo de 300 horas (30 cr\u00e9ditos) computables en forma separada a los cr\u00e9ditos acad\u00e9micos, de los cuales s\u00f3lo un 20 % podr\u00e1n ser simult\u00e1neos con la parte escolarizada. A la finalizaci\u00f3n de los cr\u00e9ditos en cursos, el Director de Tesis presentar\u00e1 conjuntamente con el postulante el proyecto final de tesis doctoral, que ser\u00e1 evaluado y formalmente aprobado por el CAP. El cambio de Director de Tesis y de Investigaci\u00f3n s\u00f3lo ser\u00e1 admitido por causa mayor (enfermedad o fallecimiento) o por causas particulares que deber\u00e1n ser debidamente fundamentadas ante el CAP.<\/p><p style=\"text-align: justify;\"><strong>Cupo de admisi\u00f3n: <\/strong>El cupo de admisi\u00f3n ser\u00e1 determinado por el CAP en cada llamado.<\/p><p style=\"text-align: justify;\"><strong>Matr\u00edcula y aranceles: <\/strong>Los candidatos aceptados en el Programa deber\u00e1n abonar una suma anual en concepto de matr\u00edcula, y aranceles por cr\u00e9dito (escolarizados o tutoriales), pagaderos seg\u00fan el n\u00famero de cr\u00e9ditos que est\u00e9n tomando en el semestre (ver <em>infra<\/em>, Anexo 6). Para la aprobaci\u00f3n de cursos externos se deber\u00e1 abonar tambi\u00e9n un arancel equivalente a 2,5 cr\u00e9ditos. Para la elaboraci\u00f3n de la tesis se abonar\u00e1n 30 (treinta) cr\u00e9ditos de investigaci\u00f3n, y para su defensa un arancel especial equivalente a 10 (diez) cr\u00e9ditos. Los montos podr\u00e1n ser reajustados por disposici\u00f3n del CAP refrendada por las autoridades de la Facultad.<\/p><h4 style=\"text-align: justify;\"><strong>DESCRIPCI\u00d3N DETALLADA DEL PROGRAMA<\/strong><\/h4><p style=\"text-align: justify;\">4.1 Cr\u00e9ditos Escolarizados (30 cr\u00e9ditos)<\/p><p style=\"text-align: justify;\">Se denominan cr\u00e9ditos escolarizados a los obtenidos mediante la aprobaci\u00f3n de cursos y seminarios de posgrado. El alumno deber\u00e1 aprobar un total de treinta (30) cr\u00e9ditos \u2013 trescientas (300) horas-curso \u2013 de este tipo, entre la oferta de cursos del PPAS y aquellos que curse en otras instituciones del pa\u00eds y del extranjero que ofrezcan cursos de similar nivel y calidad. Los cursos ofrecidos por el PPAS equivalen por lo general a cinco (5) cr\u00e9ditos cada curso.<\/p><p style=\"text-align: justify;\">4.1.1 Los cr\u00e9ditos en cursos externos al PPAS no podr\u00e1n exceder un m\u00e1ximo de diez (10) y deben contar con el aval del Director de Tesis e Investigaci\u00f3n y con la aprobaci\u00f3n formal del CAP.<\/p><p style=\"text-align: justify;\">4.1.2 Los cursos por los que se obtengan cr\u00e9ditos ser\u00e1n seleccionados por el alumno con el asesoramiento de su Director de Tesis e Investigaci\u00f3n, atendiendo a sus intereses y orientaci\u00f3n espec\u00edficos.<\/p><p style=\"text-align: justify;\">4.1.3 Cabe se\u00f1alar que los cursos que ofrece el PPAS sirven indistintamente para el nivel de Maestr\u00eda o de Doctorado, salvo que sea espec\u00edficamente indicada su validez exclusiva para un nivel.<\/p><p style=\"text-align: justify;\">4.2 Cr\u00e9ditos de Investigaci\u00f3n y Tutoriales (30 cr\u00e9ditos)<\/p><p style=\"text-align: justify;\">Se denominan cr\u00e9ditos de investigaci\u00f3n y tutoriales a los que se obtienen mediante el cumplimento de los requisitos de horas de investigaci\u00f3n dentro de un proyecto acreditado y de entrevistas tutoriales con el Director de Tesis e Investigaci\u00f3n. El alumno debe completar un m\u00ednimo de 30 cr\u00e9ditos (300 horas) siguiendo el programa oportunamente aprobado.<\/p><p style=\"text-align: justify;\">Los cr\u00e9ditos de investigaci\u00f3n se certifican en el contexto de un programa o proyecto de investigaci\u00f3n acreditado por la Secretar\u00eda de Investigaci\u00f3n y Posgrado de la FHCS y dirigido por el Director de Tesis e Investigaci\u00f3n.<\/p><p style=\"text-align: justify;\">Los cr\u00e9ditos tutoriales son certificados por el Director de Tesis e Investigaci\u00f3n teniendo en cuenta el programa oportunamente presentado al CAP y aprobado por \u00e9ste.<\/p><p style=\"text-align: justify;\">4.3 Prueba Comprensiva y Defensa del Proyecto de Tesis<\/p><p style=\"text-align: justify;\">4.3.1\u00a0\u00a0\u00a0 Al haber completado sus cr\u00e9ditos escolarizados y presentado su Proyecto de Tesis Final, el alumno debe rendir una prueba comprehensiva escrita sobre la tem\u00e1tica antropol\u00f3gica amplia, y defender su proyecto ante un tribunal <em>ad hoc<\/em> integrado por dos profesores y por el Director del PPAS. Los temas de la prueba escrita le ser\u00e1n comunicados con catorce d\u00edas de anticipaci\u00f3n.<\/p><p style=\"text-align: justify;\">4.3.2\u00a0\u00a0\u00a0 Al ser aprobados los escritos se convoca a un tribunal integrado por los docentes que formularon los temas de los ensayos y el Director del PPAS, que interrogan al postulante sobre los ensayos y sobre su propuesta de disertaci\u00f3n doctoral.<\/p><p style=\"text-align: justify;\">4.3.3\u00a0\u00a0\u00a0 De resultar aprobado en estas dos instancias, se le extiende un diploma que lo acredita como Candidato Doctoral.<\/p><p style=\"text-align: justify;\">4.3.4\u00a0\u00a0\u00a0\u00a0 De no resultar aprobado en la primera oportunidad, tendr\u00e1 otras dos oportunidades para satisfacer el requisito. De no tener \u00e9xito, quedar\u00e1 fuera del PPAS, recibiendo empero certificaci\u00f3n por los cursos aprobados. El plazo total para este proceso es de un a\u00f1o como m\u00e1ximo.<\/p><p style=\"text-align: justify;\">4.3.5\u00a0\u00a0\u00a0\u00a0 Los cr\u00e9ditos de investigaci\u00f3n y tutoriales obtenidos hasta tanto el alumno no apruebe esta instancia, ser\u00e1n de naturaleza condicional y no ser\u00e1n acreditados mientras no se satisfaga el requisito.<\/p><p style=\"text-align: justify;\">4.4 Presentaci\u00f3n y Defensa de la Tesis Doctoral<\/p><p style=\"text-align: justify;\">4.4.1\u00a0\u00a0\u00a0 La presentaci\u00f3n de la Tesis Doctoral deber\u00e1 ser avalada expresamente, mediante nota escrita, por el Director de Tesis. La misma se presentar\u00e1 al CAP en versi\u00f3n digital y se entregar\u00e1 una copia impresa.<\/p><p style=\"text-align: justify;\">4.4.2\u00a0\u00a0\u00a0 El CAP proceder\u00e1 entonces a designar un Tribunal de Tesis compuesto por tres profesores con nivel de Doctorado, dos de los cuales ser\u00e1n externos a la UNaM. Los directores y codirectores de la tesis no podr\u00e1n integrar dicho Tribunal.<\/p><p style=\"text-align: justify;\">4.4.3\u00a0\u00a0\u00a0 Los integrantes del Tribunal, en forma individual o colectiva, deber\u00e1n comunicar al PPAS su parecer, que debe encuadrarse en tres alternativas: (1) Rechazo de la Tesis, (2) Sugerencia de modificaciones menores (en cuyo caso se postergar\u00e1 la decisi\u00f3n sobre la defensa hasta la satisfacci\u00f3n de ese requisito), y (3) Acuerdo para que se fije fecha para su defensa. Los miembros externos que no puedan estar presentes en la defensa, podr\u00e1n enviar sus preguntas al Director del PPAS y a los dem\u00e1s miembros del tribunal. En caso de ser rechazada la tesis por uno o dos integrantes del tribunal, s\u00f3lo podr\u00e1 ser aprobada la tesis con la calificaci\u00f3n m\u00ednima de C (7).<\/p><p style=\"text-align: justify;\">4.4.4\u00a0\u00a0\u00a0 La Defensa de la Tesis Doctoral ser\u00e1 p\u00fablica y tendr\u00e1 lugar ante un Tribunal integrado por lo menos por dos de los miembros del tribunal y presidido por el Director del PPAS. Consistir\u00e1 en una presentaci\u00f3n realizada por el Candidato ante el Tribunal, con una duraci\u00f3n de no menos de 30 minutos y de no m\u00e1s de 60 minutos, seguida por una sesi\u00f3n de preguntas y repreguntas, en la que los integrantes del Tribunal formular\u00e1n por lo menos una pregunta cada uno. Cabe se\u00f1alar que los miembros presentes dar\u00e1n lectura al dictamen del jurado ausente y formular\u00e1n las preguntas que \u00e9ste hayan planteado. Finalizada esa etapa, el Tribunal se retirar\u00e1 a deliberar y a elaborar un acta en la que se ponderar\u00e1n los m\u00e9ritos y carencias del Candidato y fundamentar\u00e1n el dictamen final. Debe quedar en claro que la decisi\u00f3n final se basar\u00e1 fundamentalmente en la calidad de la Tesis presentada y s\u00f3lo secundariamente en su defensa. Finalmente, se dar\u00e1 lectura p\u00fablica al dictamen.<\/p><h4 style=\"text-align: justify;\"><strong>CAMINO CR\u00cdTICO DEL ESTUDIANTE DE DOCTORADO<\/strong><\/h4>\t\t\t\t\t\t\t\t<\/div>\n\t\t\t\t<\/div>\n\t\t\t\t<div class=\"elementor-element elementor-element-9bc6e89 elementor-widget elementor-widget-image\" data-id=\"9bc6e89\" data-element_type=\"widget\" data-widget_type=\"image.default\">\n\t\t\t\t<div class=\"elementor-widget-container\">\n\t\t\t\t\t\t\t\t\t\t\t\t\t\t\t\t<a href=\"https:\/\/ppas.unam.edu.ar\/wp-content\/uploads\/2021\/08\/Imagen-1.jpg\" data-elementor-open-lightbox=\"yes\" data-elementor-lightbox-title=\"Imagen 1\" data-e-action-hash=\"#elementor-action%3Aaction%3Dlightbox%26settings%3DeyJpZCI6NjU3LCJ1cmwiOiJodHRwczpcL1wvcHBhcy51bmFtLmVkdS5hclwvd3AtY29udGVudFwvdXBsb2Fkc1wvMjAyMVwvMDhcL0ltYWdlbi0xLmpwZyJ9\">\n\t\t\t\t\t\t\t<img fetchpriority=\"high\" decoding=\"async\" width=\"800\" height=\"601\" src=\"https:\/\/ppas.unam.edu.ar\/wp-content\/uploads\/2021\/08\/Imagen-1-1024x769.jpg\" class=\"attachment-large size-large wp-image-657\" alt=\"\" srcset=\"https:\/\/ppas.unam.edu.ar\/wp-content\/uploads\/2021\/08\/Imagen-1-1024x769.jpg 1024w, https:\/\/ppas.unam.edu.ar\/wp-content\/uploads\/2021\/08\/Imagen-1-300x225.jpg 300w, https:\/\/ppas.unam.edu.ar\/wp-content\/uploads\/2021\/08\/Imagen-1-768x577.jpg 768w, https:\/\/ppas.unam.edu.ar\/wp-content\/uploads\/2021\/08\/Imagen-1-730x547.jpg 730w, https:\/\/ppas.unam.edu.ar\/wp-content\/uploads\/2021\/08\/Imagen-1.jpg 1130w\" sizes=\"(max-width: 800px) 100vw, 800px\" \/>\t\t\t\t\t\t\t\t<\/a>\n\t\t\t\t\t\t\t\t\t\t\t\t\t\t\t<\/div>\n\t\t\t\t<\/div>\n\t\t\t\t\t<\/div>\n\t\t<\/div>\n\t\t\t\t\t<\/div>\n\t\t<\/section>\n\t\t\t\t<section class=\"elementor-section elementor-top-section elementor-element elementor-element-ab14123 elementor-section-boxed elementor-section-height-default elementor-section-height-default\" data-id=\"ab14123\" data-element_type=\"section\">\n\t\t\t\t\t\t<div class=\"elementor-container elementor-column-gap-default\">\n\t\t\t\t\t<div class=\"elementor-column elementor-col-100 elementor-top-column elementor-element elementor-element-d6811ea\" data-id=\"d6811ea\" data-element_type=\"column\">\n\t\t\t<div class=\"elementor-widget-wrap\">\n\t\t\t\t\t\t\t<\/div>\n\t\t<\/div>\n\t\t\t\t\t<\/div>\n\t\t<\/section>\n\t\t\t\t<\/div>\n\t\t","protected":false},"excerpt":{"rendered":"<p>Doctorado en Antropolog\u00eda Social Contenidos: RESUMEN El Doctorado en Antropolog\u00eda Social es parte integrante del Programa de Posgrado en Antropolog\u00eda Social (PPAS), dependiente de la Secretar\u00eda de Investigaci\u00f3n y Posgrado de la Facultad de Humanidades y Ciencias Sociales de la Universidad Nacional de Misiones. La carrera de Doctorado tiene una duraci\u00f3n formal de cuatro (4) [&hellip;]<\/p>\n","protected":false},"author":4,"featured_media":0,"parent":0,"menu_order":0,"comment_status":"closed","ping_status":"closed","template":"","meta":{"footnotes":""},"class_list":["post-13","page","type-page","status-publish","hentry"],"_links":{"self":[{"href":"https:\/\/ppas.unam.edu.ar\/index.php?rest_route=\/wp\/v2\/pages\/13","targetHints":{"allow":["GET"]}}],"collection":[{"href":"https:\/\/ppas.unam.edu.ar\/index.php?rest_route=\/wp\/v2\/pages"}],"about":[{"href":"https:\/\/ppas.unam.edu.ar\/index.php?rest_route=\/wp\/v2\/types\/page"}],"author":[{"embeddable":true,"href":"https:\/\/ppas.unam.edu.ar\/index.php?rest_route=\/wp\/v2\/users\/4"}],"replies":[{"embeddable":true,"href":"https:\/\/ppas.unam.edu.ar\/index.php?rest_route=%2Fwp%2Fv2%2Fcomments&post=13"}],"version-history":[{"count":35,"href":"https:\/\/ppas.unam.edu.ar\/index.php?rest_route=\/wp\/v2\/pages\/13\/revisions"}],"predecessor-version":[{"id":2533,"href":"https:\/\/ppas.unam.edu.ar\/index.php?rest_route=\/wp\/v2\/pages\/13\/revisions\/2533"}],"wp:attachment":[{"href":"https:\/\/ppas.unam.edu.ar\/index.php?rest_route=%2Fwp%2Fv2%2Fmedia&parent=13"}],"curies":[{"name":"wp","href":"https:\/\/api.w.org\/{rel}","templated":true}]}}