{"id":1607,"date":"2024-04-15T20:16:37","date_gmt":"2024-04-15T23:16:37","guid":{"rendered":"https:\/\/ppas.unam.edu.ar\/?page_id=1607"},"modified":"2024-04-15T20:18:34","modified_gmt":"2024-04-15T23:18:34","slug":"juan-dukuen","status":"publish","type":"page","link":"https:\/\/ppas.unam.edu.ar\/?page_id=1607","title":{"rendered":"Juan Dukuen"},"content":{"rendered":"\t\t<div data-elementor-type=\"wp-page\" data-elementor-id=\"1607\" class=\"elementor elementor-1607\" data-elementor-post-type=\"page\">\n\t\t\t\t\t\t<section class=\"elementor-section elementor-top-section elementor-element elementor-element-00451d5 elementor-section-boxed elementor-section-height-default elementor-section-height-default\" data-id=\"00451d5\" data-element_type=\"section\">\n\t\t\t\t\t\t<div class=\"elementor-container elementor-column-gap-default\">\n\t\t\t\t\t<div class=\"elementor-column elementor-col-100 elementor-top-column elementor-element elementor-element-2316334\" data-id=\"2316334\" data-element_type=\"column\">\n\t\t\t<div class=\"elementor-widget-wrap elementor-element-populated\">\n\t\t\t\t\t\t<div class=\"elementor-element elementor-element-7c74ef7 elementor-widget elementor-widget-heading\" data-id=\"7c74ef7\" data-element_type=\"widget\" data-widget_type=\"heading.default\">\n\t\t\t\t<div class=\"elementor-widget-container\">\n\t\t\t\t\t<h2 class=\"elementor-heading-title elementor-size-default\">Juan Dukuen<\/h2>\t\t\t\t<\/div>\n\t\t\t\t<\/div>\n\t\t\t\t<div class=\"elementor-element elementor-element-7fabe6e elementor-widget elementor-widget-text-editor\" data-id=\"7fabe6e\" data-element_type=\"widget\" data-widget_type=\"text-editor.default\">\n\t\t\t\t<div class=\"elementor-widget-container\">\n\t\t\t\t\t\t\t\t\t<p>Doctor en Ciencias Sociales (UBA). Investigador Adjunto del CONICET y docente de la Facultad de Cs. Sociales de la Universidad de Buenos Aires. Estudia la socializaci\u00f3n juvenil en colegios de clases altas desde una perspectiva que integra la antropolog\u00eda del poder de P. Bourdieu y la fenomenolog\u00eda del cuerpo de M. Merleau-Ponty. Director del Proyecto PIBAA CONICET 255 \u201cPr\u00e1cticas de socializaci\u00f3n juvenil en un colegio de clases altas de S. C. de Bariloche. Una contribuci\u00f3n al estudio de la (re)producci\u00f3n de las desigualdades en la Patagonia Norte\u201d. Investigador del equipo responsable del PICT 2019-03099 \u201cProyecciones contempor\u00e1neas de la fenomenolog\u00eda de la intercorporalidad: desarrollo infantil, sexualidad y poder\u201d (Dir: Dr. E. Garcia). Ha sido investigador visitante del\u00a0Ibero-Amerikanisches Institut (Berl\u00edn), de la Benem\u00e9rita Universidad Aut\u00f3noma de Puebla (M\u00e9xico) y de la Universidad Pablo de Olavide (Sevilla).\u00a0Ha publicado los libros \u201cLas astucias del poder simb\u00f3lico\u201d (Koyat\u00fan,\u00a0Bs.\u00a0As, 2010),\u00bbHabitus y dominaci\u00f3n en la antropolog\u00eda de P. Bourdieu. Una cr\u00edtica desde a fenomenolog\u00eda de M. Merleau-Ponty\u00bb (Biblos, Bs, As, 2018), as\u00ed como diversos papers y ponencias sobre socializaci\u00f3n juvenil en clases altas, teor\u00eda sociol\u00f3gica, antropolog\u00eda y fenomenolog\u00eda.<\/p>\t\t\t\t\t\t\t\t<\/div>\n\t\t\t\t<\/div>\n\t\t\t\t\t<\/div>\n\t\t<\/div>\n\t\t\t\t\t<\/div>\n\t\t<\/section>\n\t\t\t\t<section class=\"elementor-section elementor-top-section elementor-element elementor-element-4688c42 elementor-section-boxed elementor-section-height-default elementor-section-height-default\" data-id=\"4688c42\" data-element_type=\"section\">\n\t\t\t\t\t\t<div class=\"elementor-container elementor-column-gap-default\">\n\t\t\t\t\t<div class=\"elementor-column elementor-col-100 elementor-top-column elementor-element elementor-element-0fc5686\" data-id=\"0fc5686\" data-element_type=\"column\">\n\t\t\t<div class=\"elementor-widget-wrap\">\n\t\t\t\t\t\t\t<\/div>\n\t\t<\/div>\n\t\t\t\t\t<\/div>\n\t\t<\/section>\n\t\t\t\t<\/div>\n\t\t","protected":false},"excerpt":{"rendered":"<p>Juan Dukuen Doctor en Ciencias Sociales (UBA). Investigador Adjunto del CONICET y docente de la Facultad de Cs. Sociales de la Universidad de Buenos Aires. Estudia la socializaci\u00f3n juvenil en colegios de clases altas desde una perspectiva que integra la antropolog\u00eda del poder de P. Bourdieu y la fenomenolog\u00eda del cuerpo de M. Merleau-Ponty. Director [&hellip;]<\/p>\n","protected":false},"author":2,"featured_media":0,"parent":0,"menu_order":0,"comment_status":"closed","ping_status":"closed","template":"","meta":{"footnotes":""},"class_list":["post-1607","page","type-page","status-publish","hentry"],"_links":{"self":[{"href":"https:\/\/ppas.unam.edu.ar\/index.php?rest_route=\/wp\/v2\/pages\/1607","targetHints":{"allow":["GET"]}}],"collection":[{"href":"https:\/\/ppas.unam.edu.ar\/index.php?rest_route=\/wp\/v2\/pages"}],"about":[{"href":"https:\/\/ppas.unam.edu.ar\/index.php?rest_route=\/wp\/v2\/types\/page"}],"author":[{"embeddable":true,"href":"https:\/\/ppas.unam.edu.ar\/index.php?rest_route=\/wp\/v2\/users\/2"}],"replies":[{"embeddable":true,"href":"https:\/\/ppas.unam.edu.ar\/index.php?rest_route=%2Fwp%2Fv2%2Fcomments&post=1607"}],"version-history":[{"count":5,"href":"https:\/\/ppas.unam.edu.ar\/index.php?rest_route=\/wp\/v2\/pages\/1607\/revisions"}],"predecessor-version":[{"id":1612,"href":"https:\/\/ppas.unam.edu.ar\/index.php?rest_route=\/wp\/v2\/pages\/1607\/revisions\/1612"}],"wp:attachment":[{"href":"https:\/\/ppas.unam.edu.ar\/index.php?rest_route=%2Fwp%2Fv2%2Fmedia&parent=1607"}],"curies":[{"name":"wp","href":"https:\/\/api.w.org\/{rel}","templated":true}]}}

<div data-elementor-type="wp-page" data-elementor-id="1607" class="elementor elementor-1607" data-elementor-post-type="page">
						<section class="elementor-section elementor-top-section elementor-element elementor-element-00451d5 elementor-section-boxed elementor-section-height-default elementor-section-height-default" data-id="00451d5" data-element_type="section">
						<div class="elementor-container elementor-column-gap-default">
					<div class="elementor-column elementor-col-100 elementor-top-column elementor-element elementor-element-2316334" data-id="2316334" data-element_type="column">
			<div class="elementor-widget-wrap elementor-element-populated">
						<div class="elementor-element elementor-element-7c74ef7 elementor-widget elementor-widget-heading" data-id="7c74ef7" data-element_type="widget" data-widget_type="heading.default">
				<div class="elementor-widget-container">
					<h2 class="elementor-heading-title elementor-size-default">Juan Dukuen</h2>				</div>
				</div>
				<div class="elementor-element elementor-element-7fabe6e elementor-widget elementor-widget-text-editor" data-id="7fabe6e" data-element_type="widget" data-widget_type="text-editor.default">
				<div class="elementor-widget-container">
									<p>Doctor en Ciencias Sociales (UBA). Investigador Adjunto del CONICET y docente de la Facultad de Cs. Sociales de la Universidad de Buenos Aires. Estudia la socialización juvenil en colegios de clases altas desde una perspectiva que integra la antropología del poder de P. Bourdieu y la fenomenología del cuerpo de M. Merleau-Ponty. Director del Proyecto PIBAA CONICET 255 “Prácticas de socialización juvenil en un colegio de clases altas de S. C. de Bariloche. Una contribución al estudio de la (re)producción de las desigualdades en la Patagonia Norte”. Investigador del equipo responsable del PICT 2019-03099 “Proyecciones contemporáneas de la fenomenología de la intercorporalidad: desarrollo infantil, sexualidad y poder” (Dir: Dr. E. Garcia). Ha sido investigador visitante del Ibero-Amerikanisches Institut (Berlín), de la Benemérita Universidad Autónoma de Puebla (México) y de la Universidad Pablo de Olavide (Sevilla). Ha publicado los libros “Las astucias del poder simbólico” (Koyatún, Bs. As, 2010),»Habitus y dominación en la antropología de P. Bourdieu. Una crítica desde a fenomenología de M. Merleau-Ponty» (Biblos, Bs, As, 2018), así como diversos papers y ponencias sobre socialización juvenil en clases altas, teoría sociológica, antropología y fenomenología.</p>								</div>
				</div>
					</div>
		</div>
					</div>
		</section>
				<section class="elementor-section elementor-top-section elementor-element elementor-element-4688c42 elementor-section-boxed elementor-section-height-default elementor-section-height-default" data-id="4688c42" data-element_type="section">
						<div class="elementor-container elementor-column-gap-default">
					<div class="elementor-column elementor-col-100 elementor-top-column elementor-element elementor-element-0fc5686" data-id="0fc5686" data-element_type="column">
			<div class="elementor-widget-wrap">
							</div>
		</div>
					</div>
		</section>
				</div>

<p>Juan Dukuen Doctor en Ciencias Sociales (UBA). Investigador Adjunto del CONICET y docente de la Facultad de Cs. Sociales de la Universidad de Buenos Aires. Estudia la socialización juvenil en colegios de clases altas desde una perspectiva que integra la antropología del poder de P. Bourdieu y la fenomenología del cuerpo de M. Merleau-Ponty. Director [&hellip;]</p>
