{"id":2443,"date":"2025-03-05T18:05:47","date_gmt":"2025-03-05T21:05:47","guid":{"rendered":"https:\/\/ppas.unam.edu.ar\/?page_id=2443"},"modified":"2025-03-05T18:05:47","modified_gmt":"2025-03-05T21:05:47","slug":"dr-eduardo-apolinaire","status":"publish","type":"page","link":"https:\/\/ppas.unam.edu.ar\/?page_id=2443","title":{"rendered":"Dr. Eduardo Apolinaire"},"content":{"rendered":"<p>Investigador del Consejo Nacional de Investigaciones Cient\u00edficas y T\u00e9cnicas de la Naci\u00f3n (CONICET).<\/p>\n<p>Doctor en Ciencias Naturales y Licenciado en Antropolog\u00eda de la Facultad de Ciencias Naturales y Museo de la Universidad Nacional de La Plata.<\/p>\n<p>Docente en las c\u00e1tedras de Estad\u00edstica aplicada a las Geociencias I y Estad\u00edstica (Biolog\u00eda) en la FCNyM, UNLP.<\/p>\n<p>Director del Proyecto de Investigaci\u00f3n Plurianual (PIP) \u201cEnfoques Interdisciplinarios en la arqueolog\u00eda del nordeste argentino: el pasado ind\u00edgena en el litoral fluvial de los r\u00edos Uruguay e Iguaz\u00fa\u201d y codirector del Proyecto de Investigaci\u00f3n Cient\u00edfica y Tecnol\u00f3gica (PICT) \u201cAportes interdisciplinarios para el desarrollo de la arqueolog\u00eda del litoral del r\u00edo uruguay medio y superior\u201d. Asimismo, participa de diversos proyectos de investigaci\u00f3n que incluyen otros sectores del nordeste argentino y estudios en pa\u00edses lim\u00edtrofes (CNpQ, CSIC).<\/p>\n<p>Su campo principal de pr\u00e1ctica es la arqueolog\u00eda regional, desarrollando dise\u00f1os de prospecci\u00f3n y excavaciones sistem\u00e1ticas en diferentes sectores del noreste argentino. Se ha especializado en diversas l\u00edneas de an\u00e1lisis: an\u00e1lisis l\u00edtico (estudios tecnomorfol\u00f3gicos y funcionales), estudios geoarqueol\u00f3gicos (petrolog\u00eda, pedolog\u00eda y sedimentolog\u00eda), modelizaciones inform\u00e1ticas de datos de teledetecci\u00f3n (Sistemas de Informaci\u00f3n Geogr\u00e1fica, fotogrametr\u00eda, an\u00e1lisis de redes mediante grafos, an\u00e1lisis estad\u00edstico y programaci\u00f3n -Phyton y R-). Asimismo, ha realizado estudios de tecnolog\u00eda cer\u00e1mica y an\u00e1lisis zooarqueol\u00f3gicos en diversos contextos prehisp\u00e1nicos de las regiones pampa y nordeste.<\/p>\n<p>Es autor de numerosos art\u00edculos publicados en revistas y libros de relevancia internacional que abordan diferentes aspectos del pasado prehisp\u00e1nico de las tierras bajas de Am\u00e9rica del Sur.<\/p>\n<p>Actualmente coordina las actividades de prospecci\u00f3n y excavaci\u00f3n arqueol\u00f3gica en \u00e1reas protegidas de la provincia de Misiones que incluyen el Parque Nacional Iguaz\u00fa, La Reserva Natural de la Defensa Puerto Pen\u00ednsula, Parque Federal Campo San Juan y el Parque Provincial Mocon\u00e1.<\/p>\n<p>Las principales l\u00edneas de investigaci\u00f3n incluyen: el poblamiento y colonizaci\u00f3n inicial de la Mesopotamia argentina, la dispersi\u00f3n de poblaciones de origen amaz\u00f3nico, los procesos de interacci\u00f3n social inter\u00e9tnica, la dispersi\u00f3n y origen de la alfarer\u00eda en el nordeste argentino, la adopci\u00f3n de los cultivos y la funci\u00f3n y significado de la arquitectura prehisp\u00e1nica en tierra.<\/p>\n","protected":false},"excerpt":{"rendered":"<p>Investigador del Consejo Nacional de Investigaciones Cient\u00edficas y T\u00e9cnicas de la Naci\u00f3n (CONICET). Doctor en Ciencias Naturales y Licenciado en Antropolog\u00eda de la Facultad de Ciencias Naturales y Museo de la Universidad Nacional de La Plata. Docente en las c\u00e1tedras de Estad\u00edstica aplicada a las Geociencias I y Estad\u00edstica (Biolog\u00eda) en la FCNyM, UNLP. Director [&hellip;]<\/p>\n","protected":false},"author":2,"featured_media":0,"parent":0,"menu_order":0,"comment_status":"closed","ping_status":"closed","template":"","meta":{"footnotes":""},"class_list":["post-2443","page","type-page","status-publish","hentry"],"_links":{"self":[{"href":"https:\/\/ppas.unam.edu.ar\/index.php?rest_route=\/wp\/v2\/pages\/2443","targetHints":{"allow":["GET"]}}],"collection":[{"href":"https:\/\/ppas.unam.edu.ar\/index.php?rest_route=\/wp\/v2\/pages"}],"about":[{"href":"https:\/\/ppas.unam.edu.ar\/index.php?rest_route=\/wp\/v2\/types\/page"}],"author":[{"embeddable":true,"href":"https:\/\/ppas.unam.edu.ar\/index.php?rest_route=\/wp\/v2\/users\/2"}],"replies":[{"embeddable":true,"href":"https:\/\/ppas.unam.edu.ar\/index.php?rest_route=%2Fwp%2Fv2%2Fcomments&post=2443"}],"version-history":[{"count":1,"href":"https:\/\/ppas.unam.edu.ar\/index.php?rest_route=\/wp\/v2\/pages\/2443\/revisions"}],"predecessor-version":[{"id":2444,"href":"https:\/\/ppas.unam.edu.ar\/index.php?rest_route=\/wp\/v2\/pages\/2443\/revisions\/2444"}],"wp:attachment":[{"href":"https:\/\/ppas.unam.edu.ar\/index.php?rest_route=%2Fwp%2Fv2%2Fmedia&parent=2443"}],"curies":[{"name":"wp","href":"https:\/\/api.w.org\/{rel}","templated":true}]}}