{"id":2675,"date":"2025-06-11T21:03:25","date_gmt":"2025-06-12T00:03:25","guid":{"rendered":"https:\/\/ppas.unam.edu.ar\/?page_id=2675"},"modified":"2025-06-11T21:04:07","modified_gmt":"2025-06-12T00:04:07","slug":"gretel-schneider","status":"publish","type":"page","link":"https:\/\/ppas.unam.edu.ar\/?page_id=2675","title":{"rendered":"Gretel Schneider"},"content":{"rendered":"\t\t<div data-elementor-type=\"wp-page\" data-elementor-id=\"2675\" class=\"elementor elementor-2675\" data-elementor-post-type=\"page\">\n\t\t\t\t\t\t<section class=\"elementor-section elementor-top-section elementor-element elementor-element-ff5ae2f elementor-section-boxed elementor-section-height-default elementor-section-height-default\" data-id=\"ff5ae2f\" data-element_type=\"section\">\n\t\t\t\t\t\t<div class=\"elementor-container elementor-column-gap-default\">\n\t\t\t\t\t<div class=\"elementor-column elementor-col-100 elementor-top-column elementor-element elementor-element-d7204c6\" data-id=\"d7204c6\" data-element_type=\"column\">\n\t\t\t<div class=\"elementor-widget-wrap elementor-element-populated\">\n\t\t\t\t\t\t<div class=\"elementor-element elementor-element-a94e3ce elementor-widget elementor-widget-spacer\" data-id=\"a94e3ce\" data-element_type=\"widget\" data-widget_type=\"spacer.default\">\n\t\t\t\t<div class=\"elementor-widget-container\">\n\t\t\t\t\t\t\t<div class=\"elementor-spacer\">\n\t\t\t<div class=\"elementor-spacer-inner\"><\/div>\n\t\t<\/div>\n\t\t\t\t\t\t<\/div>\n\t\t\t\t<\/div>\n\t\t\t\t<div class=\"elementor-element elementor-element-632719f elementor-widget elementor-widget-text-editor\" data-id=\"632719f\" data-element_type=\"widget\" data-widget_type=\"text-editor.default\">\n\t\t\t\t<div class=\"elementor-widget-container\">\n\t\t\t\t\t\t\t\t\t<p style=\"text-align: justify;\"><span style=\"font-weight: 400;\">Doctora en Ciencias Sociales (UNER), Licenciada en Comunicaci\u00f3n Social con orientaci\u00f3n en Comunicaci\u00f3n y Educaci\u00f3n (UNER). Becaria Postdoctoral en el Instituto de Estudios Sociales (CONICET\/UNER), integrante de la l\u00ednea de investigaci\u00f3n \u201cEtnograf\u00eda de la comunicaci\u00f3n y la educaci\u00f3n popular\u201d. Docente de las c\u00e1tedras Antropolog\u00eda y Educaci\u00f3n no formal y del \u00c1rea de Comunicaci\u00f3n Comunitaria de la Facultad de Ciencias de la Educaci\u00f3n, UNER. Desarrolla talleres de comunicaci\u00f3n con personas privadas de la libertad ambulatoria e investiga pr\u00e1cticas comunicacionales en espacios educativos en c\u00e1rceles desde la perspectiva etnogr\u00e1fica. Es autora de \u201cEn la escuela no hay injusticias: una etnograf\u00eda de la educaci\u00f3n en contextos de encierro\u201d, de art\u00edculos y cap\u00edtulos de libros. Es docente de cursos y seminarios de posgrado.\u00a0<\/span><\/p><p style=\"text-align: justify;\">\u00a0<\/p><p style=\"text-align: justify;\"><span style=\"font-weight: 400;\">L\u00ednea de investigaci\u00f3n: La frontera comunicacional entre la c\u00e1rcel y los espacios educativos. Uso de los tiempos y lugares intermedios para la sociabilidad y mejora de las condiciones de vida en el encierro punitivo.<\/span><\/p>\t\t\t\t\t\t\t\t<\/div>\n\t\t\t\t<\/div>\n\t\t\t\t\t<\/div>\n\t\t<\/div>\n\t\t\t\t\t<\/div>\n\t\t<\/section>\n\t\t\t\t<\/div>\n\t\t","protected":false},"excerpt":{"rendered":"<p>Doctora en Ciencias Sociales (UNER), Licenciada en Comunicaci\u00f3n Social con orientaci\u00f3n en Comunicaci\u00f3n y Educaci\u00f3n (UNER). Becaria Postdoctoral en el Instituto de Estudios Sociales (CONICET\/UNER), integrante de la l\u00ednea de investigaci\u00f3n \u201cEtnograf\u00eda de la comunicaci\u00f3n y la educaci\u00f3n popular\u201d. Docente de las c\u00e1tedras Antropolog\u00eda y Educaci\u00f3n no formal y del \u00c1rea de Comunicaci\u00f3n Comunitaria de [&hellip;]<\/p>\n","protected":false},"author":2,"featured_media":0,"parent":0,"menu_order":0,"comment_status":"closed","ping_status":"closed","template":"","meta":{"footnotes":""},"class_list":["post-2675","page","type-page","status-publish","hentry"],"_links":{"self":[{"href":"https:\/\/ppas.unam.edu.ar\/index.php?rest_route=\/wp\/v2\/pages\/2675","targetHints":{"allow":["GET"]}}],"collection":[{"href":"https:\/\/ppas.unam.edu.ar\/index.php?rest_route=\/wp\/v2\/pages"}],"about":[{"href":"https:\/\/ppas.unam.edu.ar\/index.php?rest_route=\/wp\/v2\/types\/page"}],"author":[{"embeddable":true,"href":"https:\/\/ppas.unam.edu.ar\/index.php?rest_route=\/wp\/v2\/users\/2"}],"replies":[{"embeddable":true,"href":"https:\/\/ppas.unam.edu.ar\/index.php?rest_route=%2Fwp%2Fv2%2Fcomments&post=2675"}],"version-history":[{"count":4,"href":"https:\/\/ppas.unam.edu.ar\/index.php?rest_route=\/wp\/v2\/pages\/2675\/revisions"}],"predecessor-version":[{"id":2679,"href":"https:\/\/ppas.unam.edu.ar\/index.php?rest_route=\/wp\/v2\/pages\/2675\/revisions\/2679"}],"wp:attachment":[{"href":"https:\/\/ppas.unam.edu.ar\/index.php?rest_route=%2Fwp%2Fv2%2Fmedia&parent=2675"}],"curies":[{"name":"wp","href":"https:\/\/api.w.org\/{rel}","templated":true}]}}