{"id":3000,"date":"2026-03-02T18:59:12","date_gmt":"2026-03-02T21:59:12","guid":{"rendered":"https:\/\/ppas.unam.edu.ar\/?page_id=3000"},"modified":"2026-03-02T18:59:12","modified_gmt":"2026-03-02T21:59:12","slug":"dr-gabriel-d-noel","status":"publish","type":"page","link":"https:\/\/ppas.unam.edu.ar\/?page_id=3000","title":{"rendered":"Dr. Gabriel D. Noel"},"content":{"rendered":"<p><img fetchpriority=\"high\" decoding=\"async\" class=\"wp-image-3001 size-medium alignleft\" src=\"https:\/\/ppas.unam.edu.ar\/wp-content\/uploads\/2026\/03\/Gabriel-Noel-300x200.jpg\" alt=\"\" width=\"300\" height=\"200\" srcset=\"https:\/\/ppas.unam.edu.ar\/wp-content\/uploads\/2026\/03\/Gabriel-Noel-300x200.jpg 300w, https:\/\/ppas.unam.edu.ar\/wp-content\/uploads\/2026\/03\/Gabriel-Noel-768x512.jpg 768w, https:\/\/ppas.unam.edu.ar\/wp-content\/uploads\/2026\/03\/Gabriel-Noel.jpg 960w\" sizes=\"(max-width: 300px) 100vw, 300px\" \/><\/p>\n<p>Doctor en Ciencias Sociales (Universidad Nacional de General Sarmiento-IDES), Licenciado en Antropolog\u00eda (UNLP). Investigador Adjunto del Consejo Nacional de Investigaciones Cient\u00edficas y T\u00e9cnicas (CONICET). Investigador del Centro de Estudios Socioambientales, de Identidades y de Ambiente (IDAES\u2013UNSAM). Coordinador del Programa \u201cMigraciones y Transformaciones Sociales en Aglomeraciones Medianas y Peque\u00f1as\u201d (IDAES\u2013 UNSAM). Coordinador del N\u00facleo de Estudios Urbanos (IDAES\u2013 UNSAM). Profesor Titular en la Licenciatura en Antropolog\u00eda Social y Cultural (IDAES-UNSAM). Profesor de Posgrado en la Maestr\u00eda en Antropolog\u00eda Social y Pol\u00edtica (FLACSO).\u00a0 Profesor estable de la Maestr\u00eda en Antropolog\u00eda (UNC).<\/p>\n<p>Autor de: \u201cContribuciones Inalienables: Algunas Reflexiones sobre las Condiciones de Posibilidad para la Reevaluaci\u00f3n de la Evidencia Etnogr\u00e1fica\u201d; \u201cLos pueblos y la vida moral\u201d; \u201cPueblo, ciudad y campo como categor\u00edas de la pr\u00e1ctica en las localidades del partido de Punta Indio (Buenos Aires, Argentina)\u201d; \u201cLa Comunidad (Im)posible. Consenso, Conflicto e Identidad Colectiva en las Conmemoraciones P\u00fablicas de la Regi\u00f3n Costera Bonaerense del R\u00edo de la Plata Perspectivas\u201d; \u201cTensiones y Ambig\u00fcedades en Torno del Hippismo, la Bohemia y la Contracultura de los 60\u2019 y los 70\u2019 en la Ciudad de Villa Gesell (Argentina)\u201d y de numerosos cap\u00edtulos de libros y art\u00edculos publicados en revistas cient\u00edficas nacionales e internacionales.<\/p>\n<p>L\u00edneas de investigaci\u00f3n: Antropolog\u00eda de las Moralidades. Antropolog\u00eda de las Ciudades Peque\u00f1as y Medianas. Etnograf\u00eda de la Costa Bonaerense del R\u00edo de la Plata. Metodolog\u00eda de la Investigaci\u00f3n Antropol\u00f3gica en la Peque\u00f1a y Mediana Escala Urbana.<\/p>\n","protected":false},"excerpt":{"rendered":"<p>Doctor en Ciencias Sociales (Universidad Nacional de General Sarmiento-IDES), Licenciado en Antropolog\u00eda (UNLP). Investigador Adjunto del Consejo Nacional de Investigaciones Cient\u00edficas y T\u00e9cnicas (CONICET). Investigador del Centro de Estudios Socioambientales, de Identidades y de Ambiente (IDAES\u2013UNSAM). Coordinador del Programa \u201cMigraciones y Transformaciones Sociales en Aglomeraciones Medianas y Peque\u00f1as\u201d (IDAES\u2013 UNSAM). Coordinador del N\u00facleo de Estudios [&hellip;]<\/p>\n","protected":false},"author":2,"featured_media":0,"parent":0,"menu_order":0,"comment_status":"closed","ping_status":"closed","template":"","meta":{"footnotes":""},"class_list":["post-3000","page","type-page","status-publish","hentry"],"_links":{"self":[{"href":"https:\/\/ppas.unam.edu.ar\/index.php?rest_route=\/wp\/v2\/pages\/3000","targetHints":{"allow":["GET"]}}],"collection":[{"href":"https:\/\/ppas.unam.edu.ar\/index.php?rest_route=\/wp\/v2\/pages"}],"about":[{"href":"https:\/\/ppas.unam.edu.ar\/index.php?rest_route=\/wp\/v2\/types\/page"}],"author":[{"embeddable":true,"href":"https:\/\/ppas.unam.edu.ar\/index.php?rest_route=\/wp\/v2\/users\/2"}],"replies":[{"embeddable":true,"href":"https:\/\/ppas.unam.edu.ar\/index.php?rest_route=%2Fwp%2Fv2%2Fcomments&post=3000"}],"version-history":[{"count":1,"href":"https:\/\/ppas.unam.edu.ar\/index.php?rest_route=\/wp\/v2\/pages\/3000\/revisions"}],"predecessor-version":[{"id":3002,"href":"https:\/\/ppas.unam.edu.ar\/index.php?rest_route=\/wp\/v2\/pages\/3000\/revisions\/3002"}],"wp:attachment":[{"href":"https:\/\/ppas.unam.edu.ar\/index.php?rest_route=%2Fwp%2Fv2%2Fmedia&parent=3000"}],"curies":[{"name":"wp","href":"https:\/\/api.w.org\/{rel}","templated":true}]}}

<p><img fetchpriority="high" decoding="async" class="wp-image-3001 size-medium alignleft" src="https://ppas.unam.edu.ar/wp-content/uploads/2026/03/Gabriel-Noel-300x200.jpg" alt="" width="300" height="200" srcset="https://ppas.unam.edu.ar/wp-content/uploads/2026/03/Gabriel-Noel-300x200.jpg 300w, https://ppas.unam.edu.ar/wp-content/uploads/2026/03/Gabriel-Noel-768x512.jpg 768w, https://ppas.unam.edu.ar/wp-content/uploads/2026/03/Gabriel-Noel.jpg 960w" sizes="(max-width: 300px) 100vw, 300px" /></p>
<p>Doctor en Ciencias Sociales (Universidad Nacional de General Sarmiento-IDES), Licenciado en Antropología (UNLP). Investigador Adjunto del Consejo Nacional de Investigaciones Científicas y Técnicas (CONICET). Investigador del Centro de Estudios Socioambientales, de Identidades y de Ambiente (IDAES–UNSAM). Coordinador del Programa “Migraciones y Transformaciones Sociales en Aglomeraciones Medianas y Pequeñas” (IDAES– UNSAM). Coordinador del Núcleo de Estudios Urbanos (IDAES– UNSAM). Profesor Titular en la Licenciatura en Antropología Social y Cultural (IDAES-UNSAM). Profesor de Posgrado en la Maestría en Antropología Social y Política (FLACSO).  Profesor estable de la Maestría en Antropología (UNC).</p>
<p>Autor de: “Contribuciones Inalienables: Algunas Reflexiones sobre las Condiciones de Posibilidad para la Reevaluación de la Evidencia Etnográfica”; “Los pueblos y la vida moral”; “Pueblo, ciudad y campo como categorías de la práctica en las localidades del partido de Punta Indio (Buenos Aires, Argentina)”; “La Comunidad (Im)posible. Consenso, Conflicto e Identidad Colectiva en las Conmemoraciones Públicas de la Región Costera Bonaerense del Río de la Plata Perspectivas”; “Tensiones y Ambigüedades en Torno del Hippismo, la Bohemia y la Contracultura de los 60’ y los 70’ en la Ciudad de Villa Gesell (Argentina)” y de numerosos capítulos de libros y artículos publicados en revistas científicas nacionales e internacionales.</p>
<p>Líneas de investigación: Antropología de las Moralidades. Antropología de las Ciudades Pequeñas y Medianas. Etnografía de la Costa Bonaerense del Río de la Plata. Metodología de la Investigación Antropológica en la Pequeña y Mediana Escala Urbana.</p>

<p>Doctor en Ciencias Sociales (Universidad Nacional de General Sarmiento-IDES), Licenciado en Antropología (UNLP). Investigador Adjunto del Consejo Nacional de Investigaciones Científicas y Técnicas (CONICET). Investigador del Centro de Estudios Socioambientales, de Identidades y de Ambiente (IDAES–UNSAM). Coordinador del Programa “Migraciones y Transformaciones Sociales en Aglomeraciones Medianas y Pequeñas” (IDAES– UNSAM). Coordinador del Núcleo de Estudios [&hellip;]</p>
