{"id":3017,"date":"2026-03-02T19:39:58","date_gmt":"2026-03-02T22:39:58","guid":{"rendered":"https:\/\/ppas.unam.edu.ar\/?page_id=3017"},"modified":"2026-03-02T19:39:58","modified_gmt":"2026-03-02T22:39:58","slug":"dr-juan-dukuen","status":"publish","type":"page","link":"https:\/\/ppas.unam.edu.ar\/?page_id=3017","title":{"rendered":"Dr Juan Dukuen"},"content":{"rendered":"<p><img fetchpriority=\"high\" decoding=\"async\" class=\"alignleft wp-image-3018 size-medium\" src=\"https:\/\/ppas.unam.edu.ar\/wp-content\/uploads\/2026\/03\/Dukuen-300x300.png\" alt=\"\" width=\"300\" height=\"300\" srcset=\"https:\/\/ppas.unam.edu.ar\/wp-content\/uploads\/2026\/03\/Dukuen-300x300.png 300w, https:\/\/ppas.unam.edu.ar\/wp-content\/uploads\/2026\/03\/Dukuen-1024x1024.png 1024w, https:\/\/ppas.unam.edu.ar\/wp-content\/uploads\/2026\/03\/Dukuen-150x150.png 150w, https:\/\/ppas.unam.edu.ar\/wp-content\/uploads\/2026\/03\/Dukuen-768x768.png 768w, https:\/\/ppas.unam.edu.ar\/wp-content\/uploads\/2026\/03\/Dukuen.png 1080w\" sizes=\"(max-width: 300px) 100vw, 300px\" \/>Doctor en Ciencias Sociales por la Facultad de Cs. Sociales de la UBA. Investigador Adjunto del CONICET y Vicedirector del IPEHCS-CONICET\/UNCo y docente de la Facultad de Cs. Sociales (UBA). Estudia la socializaci\u00f3n juvenil en colegios de clases altas desde una perspectiva que integra la antropolog\u00eda del poder de P. Bourdieu y la fenomenolog\u00eda del cuerpo de M. Merleau-Ponty. Director del Proyecto PIBAA CONICET 255 \u201cPr\u00e1cticas de socializaci\u00f3n juvenil en un colegio de clases altas de S. C. de Bariloche. Una contribuci\u00f3n al estudio de la (re)producci\u00f3n de las desigualdades en la Patagonia Norte\u201d. Investigador del equipo responsable del PICT 2019-03099 \u201cProyecciones contempor\u00e1neas de la fenomenolog\u00eda de la intercorporalidad: desarrollo infantil, sexualidad y poder\u201d (Dir: Dr. E. Garcia). Ha sido investigador visitante del Ibero-Amerikanisches Institut y del la Universidad Humboldt (Berl\u00edn), de la Benem\u00e9rita Universidad Aut\u00f3noma de Puebla (M\u00e9xico) y de la Universidad Pablo de Olavide (Sevilla). Ha publicado los libros \u201cLas astucias del poder simb\u00f3lico\u201d (Koyat\u00fan, Bs. As, 2010),\u00bbHabitus y dominaci\u00f3n en la antropolog\u00eda de P. Bourdieu. Una cr\u00edtica desde a fenomenolog\u00eda de M. Merleau-Ponty\u00bb (Biblos, Bs, As, 2018), as\u00ed como diversos papers y ponencias socializaci\u00f3n juvenil en clases altas, teor\u00eda sociol\u00f3gica, antropolog\u00eda y fenomenolog\u00eda.<\/p>\n","protected":false},"excerpt":{"rendered":"<p>Doctor en Ciencias Sociales por la Facultad de Cs. Sociales de la UBA. Investigador Adjunto del CONICET y Vicedirector del IPEHCS-CONICET\/UNCo y docente de la Facultad de Cs. Sociales (UBA). Estudia la socializaci\u00f3n juvenil en colegios de clases altas desde una perspectiva que integra la antropolog\u00eda del poder de P. Bourdieu y la fenomenolog\u00eda del [&hellip;]<\/p>\n","protected":false},"author":2,"featured_media":0,"parent":0,"menu_order":0,"comment_status":"closed","ping_status":"closed","template":"","meta":{"footnotes":""},"class_list":["post-3017","page","type-page","status-publish","hentry"],"_links":{"self":[{"href":"https:\/\/ppas.unam.edu.ar\/index.php?rest_route=\/wp\/v2\/pages\/3017","targetHints":{"allow":["GET"]}}],"collection":[{"href":"https:\/\/ppas.unam.edu.ar\/index.php?rest_route=\/wp\/v2\/pages"}],"about":[{"href":"https:\/\/ppas.unam.edu.ar\/index.php?rest_route=\/wp\/v2\/types\/page"}],"author":[{"embeddable":true,"href":"https:\/\/ppas.unam.edu.ar\/index.php?rest_route=\/wp\/v2\/users\/2"}],"replies":[{"embeddable":true,"href":"https:\/\/ppas.unam.edu.ar\/index.php?rest_route=%2Fwp%2Fv2%2Fcomments&post=3017"}],"version-history":[{"count":1,"href":"https:\/\/ppas.unam.edu.ar\/index.php?rest_route=\/wp\/v2\/pages\/3017\/revisions"}],"predecessor-version":[{"id":3019,"href":"https:\/\/ppas.unam.edu.ar\/index.php?rest_route=\/wp\/v2\/pages\/3017\/revisions\/3019"}],"wp:attachment":[{"href":"https:\/\/ppas.unam.edu.ar\/index.php?rest_route=%2Fwp%2Fv2%2Fmedia&parent=3017"}],"curies":[{"name":"wp","href":"https:\/\/api.w.org\/{rel}","templated":true}]}}

<p><img fetchpriority="high" decoding="async" class="alignleft wp-image-3018 size-medium" src="https://ppas.unam.edu.ar/wp-content/uploads/2026/03/Dukuen-300x300.png" alt="" width="300" height="300" srcset="https://ppas.unam.edu.ar/wp-content/uploads/2026/03/Dukuen-300x300.png 300w, https://ppas.unam.edu.ar/wp-content/uploads/2026/03/Dukuen-1024x1024.png 1024w, https://ppas.unam.edu.ar/wp-content/uploads/2026/03/Dukuen-150x150.png 150w, https://ppas.unam.edu.ar/wp-content/uploads/2026/03/Dukuen-768x768.png 768w, https://ppas.unam.edu.ar/wp-content/uploads/2026/03/Dukuen.png 1080w" sizes="(max-width: 300px) 100vw, 300px" />Doctor en Ciencias Sociales por la Facultad de Cs. Sociales de la UBA. Investigador Adjunto del CONICET y Vicedirector del IPEHCS-CONICET/UNCo y docente de la Facultad de Cs. Sociales (UBA). Estudia la socialización juvenil en colegios de clases altas desde una perspectiva que integra la antropología del poder de P. Bourdieu y la fenomenología del cuerpo de M. Merleau-Ponty. Director del Proyecto PIBAA CONICET 255 “Prácticas de socialización juvenil en un colegio de clases altas de S. C. de Bariloche. Una contribución al estudio de la (re)producción de las desigualdades en la Patagonia Norte”. Investigador del equipo responsable del PICT 2019-03099 “Proyecciones contemporáneas de la fenomenología de la intercorporalidad: desarrollo infantil, sexualidad y poder” (Dir: Dr. E. Garcia). Ha sido investigador visitante del Ibero-Amerikanisches Institut y del la Universidad Humboldt (Berlín), de la Benemérita Universidad Autónoma de Puebla (México) y de la Universidad Pablo de Olavide (Sevilla). Ha publicado los libros “Las astucias del poder simbólico” (Koyatún, Bs. As, 2010),»Habitus y dominación en la antropología de P. Bourdieu. Una crítica desde a fenomenología de M. Merleau-Ponty» (Biblos, Bs, As, 2018), así como diversos papers y ponencias socialización juvenil en clases altas, teoría sociológica, antropología y fenomenología.</p>

<p>Doctor en Ciencias Sociales por la Facultad de Cs. Sociales de la UBA. Investigador Adjunto del CONICET y Vicedirector del IPEHCS-CONICET/UNCo y docente de la Facultad de Cs. Sociales (UBA). Estudia la socialización juvenil en colegios de clases altas desde una perspectiva que integra la antropología del poder de P. Bourdieu y la fenomenología del [&hellip;]</p>
