{"id":3040,"date":"2026-03-02T19:59:39","date_gmt":"2026-03-02T22:59:39","guid":{"rendered":"https:\/\/ppas.unam.edu.ar\/?page_id=3040"},"modified":"2026-03-02T19:59:39","modified_gmt":"2026-03-02T22:59:39","slug":"dra-guillermina-esposito","status":"publish","type":"page","link":"https:\/\/ppas.unam.edu.ar\/?page_id=3040","title":{"rendered":"Dra. Guillermina Esp\u00f3sito"},"content":{"rendered":"<p><img fetchpriority=\"high\" decoding=\"async\" class=\"alignleft wp-image-3041 size-medium\" src=\"https:\/\/ppas.unam.edu.ar\/wp-content\/uploads\/2026\/03\/Esposito-300x292.jpg\" alt=\"\" width=\"300\" height=\"292\" srcset=\"https:\/\/ppas.unam.edu.ar\/wp-content\/uploads\/2026\/03\/Esposito-300x292.jpg 300w, https:\/\/ppas.unam.edu.ar\/wp-content\/uploads\/2026\/03\/Esposito-1024x996.jpg 1024w, https:\/\/ppas.unam.edu.ar\/wp-content\/uploads\/2026\/03\/Esposito-768x747.jpg 768w, https:\/\/ppas.unam.edu.ar\/wp-content\/uploads\/2026\/03\/Esposito-1536x1494.jpg 1536w, https:\/\/ppas.unam.edu.ar\/wp-content\/uploads\/2026\/03\/Esposito-2048x1991.jpg 2048w\" sizes=\"(max-width: 300px) 100vw, 300px\" \/>Guillermina Esp\u00f3sito es Doctora en Ciencias Antropol\u00f3gicas por la Universidad Nacional de C\u00f3rdoba, y Licenciada en Antropolog\u00eda por la Universidad Nacional de Rosario. Profesora Titular regular en la c\u00e1tedra Problem\u00e1ticas Inter\u00e9tnicas del Departamento de Antropolog\u00eda de la Universidad Nacional de C\u00f3rdoba e Investigadora Independiente del Consejo Nacional de Investigaciones Cient\u00edficas y Tecnol\u00f3gicas de Argentina (CONICET). Fue becaria doctoral CONICET y en el Iberoamerikanisches Institut en Berl\u00edn, becaria posdoctoral en la Universidade Federal do Rio de Janeiro, investigadora visitante en el Centro de Investigaciones y Estudios Superiores en Antropolog\u00eda Social (CIESAS M\u00e9xico) y en el Institute of Latin American Studies (ILAS) de la Columbia University en New York. Dirige junto al Dr. Diego Escolar los proyectos: \u201cRevisionismo ind\u00edgena en Argentina: Archivos, pr\u00e1cticas escriturarias y narrativas nacionales\u201d (PIP CONICET) y Archivos Ind\u00edgenas de la Naci\u00f3n en la Encuesta de Folklore de 1921\u201d (PICT FONCYT), y dirige el proyecto \u201cPatrimonios y procesos de patrimonializaci\u00f3n: miradas situadas desde la Antropolog\u00eda\u201d (CONSOLIDAR- SECYT UNC). Fue jefa redactora en la Revista Corpus. Archivos virtuales de la alteridad americana.<\/p>\n<p>Desarrolla sus investigaciones sobre pol\u00edticas, memorias e historias ind\u00edgenas, procesos hist\u00f3ricos de etnog\u00e9nesis, pol\u00edticas indigenistas, educaci\u00f3n ind\u00edgena y pol\u00edticas de archivo en las tierras altas de los Andes de Argentina.<\/p>\n","protected":false},"excerpt":{"rendered":"<p>Guillermina Esp\u00f3sito es Doctora en Ciencias Antropol\u00f3gicas por la Universidad Nacional de C\u00f3rdoba, y Licenciada en Antropolog\u00eda por la Universidad Nacional de Rosario. Profesora Titular regular en la c\u00e1tedra Problem\u00e1ticas Inter\u00e9tnicas del Departamento de Antropolog\u00eda de la Universidad Nacional de C\u00f3rdoba e Investigadora Independiente del Consejo Nacional de Investigaciones Cient\u00edficas y Tecnol\u00f3gicas de Argentina (CONICET). [&hellip;]<\/p>\n","protected":false},"author":2,"featured_media":0,"parent":0,"menu_order":0,"comment_status":"closed","ping_status":"closed","template":"","meta":{"footnotes":""},"class_list":["post-3040","page","type-page","status-publish","hentry"],"_links":{"self":[{"href":"https:\/\/ppas.unam.edu.ar\/index.php?rest_route=\/wp\/v2\/pages\/3040","targetHints":{"allow":["GET"]}}],"collection":[{"href":"https:\/\/ppas.unam.edu.ar\/index.php?rest_route=\/wp\/v2\/pages"}],"about":[{"href":"https:\/\/ppas.unam.edu.ar\/index.php?rest_route=\/wp\/v2\/types\/page"}],"author":[{"embeddable":true,"href":"https:\/\/ppas.unam.edu.ar\/index.php?rest_route=\/wp\/v2\/users\/2"}],"replies":[{"embeddable":true,"href":"https:\/\/ppas.unam.edu.ar\/index.php?rest_route=%2Fwp%2Fv2%2Fcomments&post=3040"}],"version-history":[{"count":1,"href":"https:\/\/ppas.unam.edu.ar\/index.php?rest_route=\/wp\/v2\/pages\/3040\/revisions"}],"predecessor-version":[{"id":3042,"href":"https:\/\/ppas.unam.edu.ar\/index.php?rest_route=\/wp\/v2\/pages\/3040\/revisions\/3042"}],"wp:attachment":[{"href":"https:\/\/ppas.unam.edu.ar\/index.php?rest_route=%2Fwp%2Fv2%2Fmedia&parent=3040"}],"curies":[{"name":"wp","href":"https:\/\/api.w.org\/{rel}","templated":true}]}}

Dra. Guillermina Espósito

<p><img fetchpriority="high" decoding="async" class="alignleft wp-image-3041 size-medium" src="https://ppas.unam.edu.ar/wp-content/uploads/2026/03/Esposito-300x292.jpg" alt="" width="300" height="292" srcset="https://ppas.unam.edu.ar/wp-content/uploads/2026/03/Esposito-300x292.jpg 300w, https://ppas.unam.edu.ar/wp-content/uploads/2026/03/Esposito-1024x996.jpg 1024w, https://ppas.unam.edu.ar/wp-content/uploads/2026/03/Esposito-768x747.jpg 768w, https://ppas.unam.edu.ar/wp-content/uploads/2026/03/Esposito-1536x1494.jpg 1536w, https://ppas.unam.edu.ar/wp-content/uploads/2026/03/Esposito-2048x1991.jpg 2048w" sizes="(max-width: 300px) 100vw, 300px" />Guillermina Espósito es Doctora en Ciencias Antropológicas por la Universidad Nacional de Córdoba, y Licenciada en Antropología por la Universidad Nacional de Rosario. Profesora Titular regular en la cátedra Problemáticas Interétnicas del Departamento de Antropología de la Universidad Nacional de Córdoba e Investigadora Independiente del Consejo Nacional de Investigaciones Científicas y Tecnológicas de Argentina (CONICET). Fue becaria doctoral CONICET y en el Iberoamerikanisches Institut en Berlín, becaria posdoctoral en la Universidade Federal do Rio de Janeiro, investigadora visitante en el Centro de Investigaciones y Estudios Superiores en Antropología Social (CIESAS México) y en el Institute of Latin American Studies (ILAS) de la Columbia University en New York. Dirige junto al Dr. Diego Escolar los proyectos: “Revisionismo indígena en Argentina: Archivos, prácticas escriturarias y narrativas nacionales” (PIP CONICET) y Archivos Indígenas de la Nación en la Encuesta de Folklore de 1921” (PICT FONCYT), y dirige el proyecto “Patrimonios y procesos de patrimonialización: miradas situadas desde la Antropología” (CONSOLIDAR- SECYT UNC). Fue jefa redactora en la Revista Corpus. Archivos virtuales de la alteridad americana.</p>
<p>Desarrolla sus investigaciones sobre políticas, memorias e historias indígenas, procesos históricos de etnogénesis, políticas indigenistas, educación indígena y políticas de archivo en las tierras altas de los Andes de Argentina.</p>

<p>Guillermina Espósito es Doctora en Ciencias Antropológicas por la Universidad Nacional de Córdoba, y Licenciada en Antropología por la Universidad Nacional de Rosario. Profesora Titular regular en la cátedra Problemáticas Interétnicas del Departamento de Antropología de la Universidad Nacional de Córdoba e Investigadora Independiente del Consejo Nacional de Investigaciones Científicas y Tecnológicas de Argentina (CONICET). [&hellip;]</p>
