{"id":3055,"date":"2026-03-02T20:15:46","date_gmt":"2026-03-02T23:15:46","guid":{"rendered":"https:\/\/ppas.unam.edu.ar\/?page_id=3055"},"modified":"2026-03-02T20:15:46","modified_gmt":"2026-03-02T23:15:46","slug":"dr-fernando-a-balbi","status":"publish","type":"page","link":"https:\/\/ppas.unam.edu.ar\/?page_id=3055","title":{"rendered":"Dr. Fernando A. Balbi"},"content":{"rendered":"<p><img fetchpriority=\"high\" decoding=\"async\" class=\"alignleft size-medium wp-image-3056\" src=\"https:\/\/ppas.unam.edu.ar\/wp-content\/uploads\/2026\/03\/Balbi-300x239.jpg\" alt=\"\" width=\"300\" height=\"239\" srcset=\"https:\/\/ppas.unam.edu.ar\/wp-content\/uploads\/2026\/03\/Balbi-300x239.jpg 300w, https:\/\/ppas.unam.edu.ar\/wp-content\/uploads\/2026\/03\/Balbi-768x612.jpg 768w, https:\/\/ppas.unam.edu.ar\/wp-content\/uploads\/2026\/03\/Balbi.jpg 813w\" sizes=\"(max-width: 300px) 100vw, 300px\" \/>Fernando Alberto Balbi es Licenciado en Ciencias Antropol\u00f3gicas con Orientaci\u00f3n Sociocultural por la Facultad de Filosof\u00eda y Letras, Universidad de Buenos Aires, Mag\u00edster en Antropolog\u00eda Social por el Programa de Posgrado en Antropolog\u00eda Social, Universidad Nacional de Misiones, y\u00a0 Doctor en Antropolog\u00eda por el Programa de P\u00f3s-Gradua\u00e7\u00e3o em Antropologia Social, Museu Nacional, Universidade Federal do Rio de Janeiro. Actualmente Profesor Asociado del Departamento de Ciencias Antropol\u00f3gicas, FFyL-UBA, e Investigador Independiente del CONICET.<\/p>\n<p>Sus investigaciones actuales cubren las \u00e1reas de la antropolog\u00eda de la pol\u00edtica, la antropolog\u00eda de la moral, la teor\u00eda antropol\u00f3gica y la etnograf\u00eda. Anteriormente, trabaj\u00f3 en las \u00e1reas de la antropolog\u00eda econ\u00f3mica y la antropolog\u00eda rural. Dicta en FFyL-UBA la materia Problemas de Antropolog\u00eda Social y Pol\u00edtica, y ha dado seminarios y talleres de posgrado en diversas Universidades Nacionales sobre etnograf\u00eda, teor\u00eda social, antropolog\u00eda pol\u00edtica y antropolog\u00eda econ\u00f3mica.<\/p>\n<p>Es autor de De leales, desleales y traidores. Valor moral y concepci\u00f3n de pol\u00edtica en el peronismo. (Ed. Antropofagia, 2007) y compilador de La productividad social de los procesos pol\u00edticos. Miradas antropol\u00f3gicas. (Ed. Antropofagia, 2024; en colaboraci\u00f3n), Un viaje de cien a\u00f1os. Perspectivas latinoamericanas sobre Los Argonautas del Pac\u00edfico Occidental de Bronislaw Malinowski (CAS-IDES, CIS-CONICET\/IDES &amp; Ed. Antropofagia, 2024; en colaboraci\u00f3n), La comparaci\u00f3n en Antropolog\u00eda Social: problemas y perspectivas (Ed. Antropofagia, 2017), Calando la vida. Ambiente y pesca artesanal en el Delta entrerriano (Ed. Antropofagia, 2008; en colaboraci\u00f3n) y Representaciones sociales y procesos pol\u00edticos. Estudios desde la Antropolog\u00eda Social (CAS-IDES &amp; Ed. Antropofagia, 2003; en colaboraci\u00f3n). Ha publicado numerosos art\u00edculos sobre modos de hacer pol\u00edtica, moral, etnograf\u00eda y pesca comercial artesanal, entre otros temas.<\/p>\n","protected":false},"excerpt":{"rendered":"<p>Fernando Alberto Balbi es Licenciado en Ciencias Antropol\u00f3gicas con Orientaci\u00f3n Sociocultural por la Facultad de Filosof\u00eda y Letras, Universidad de Buenos Aires, Mag\u00edster en Antropolog\u00eda Social por el Programa de Posgrado en Antropolog\u00eda Social, Universidad Nacional de Misiones, y\u00a0 Doctor en Antropolog\u00eda por el Programa de P\u00f3s-Gradua\u00e7\u00e3o em Antropologia Social, Museu Nacional, Universidade Federal do [&hellip;]<\/p>\n","protected":false},"author":2,"featured_media":0,"parent":0,"menu_order":0,"comment_status":"closed","ping_status":"closed","template":"","meta":{"footnotes":""},"class_list":["post-3055","page","type-page","status-publish","hentry"],"_links":{"self":[{"href":"https:\/\/ppas.unam.edu.ar\/index.php?rest_route=\/wp\/v2\/pages\/3055","targetHints":{"allow":["GET"]}}],"collection":[{"href":"https:\/\/ppas.unam.edu.ar\/index.php?rest_route=\/wp\/v2\/pages"}],"about":[{"href":"https:\/\/ppas.unam.edu.ar\/index.php?rest_route=\/wp\/v2\/types\/page"}],"author":[{"embeddable":true,"href":"https:\/\/ppas.unam.edu.ar\/index.php?rest_route=\/wp\/v2\/users\/2"}],"replies":[{"embeddable":true,"href":"https:\/\/ppas.unam.edu.ar\/index.php?rest_route=%2Fwp%2Fv2%2Fcomments&post=3055"}],"version-history":[{"count":1,"href":"https:\/\/ppas.unam.edu.ar\/index.php?rest_route=\/wp\/v2\/pages\/3055\/revisions"}],"predecessor-version":[{"id":3057,"href":"https:\/\/ppas.unam.edu.ar\/index.php?rest_route=\/wp\/v2\/pages\/3055\/revisions\/3057"}],"wp:attachment":[{"href":"https:\/\/ppas.unam.edu.ar\/index.php?rest_route=%2Fwp%2Fv2%2Fmedia&parent=3055"}],"curies":[{"name":"wp","href":"https:\/\/api.w.org\/{rel}","templated":true}]}}

<p><img fetchpriority="high" decoding="async" class="alignleft size-medium wp-image-3056" src="https://ppas.unam.edu.ar/wp-content/uploads/2026/03/Balbi-300x239.jpg" alt="" width="300" height="239" srcset="https://ppas.unam.edu.ar/wp-content/uploads/2026/03/Balbi-300x239.jpg 300w, https://ppas.unam.edu.ar/wp-content/uploads/2026/03/Balbi-768x612.jpg 768w, https://ppas.unam.edu.ar/wp-content/uploads/2026/03/Balbi.jpg 813w" sizes="(max-width: 300px) 100vw, 300px" />Fernando Alberto Balbi es Licenciado en Ciencias Antropológicas con Orientación Sociocultural por la Facultad de Filosofía y Letras, Universidad de Buenos Aires, Magíster en Antropología Social por el Programa de Posgrado en Antropología Social, Universidad Nacional de Misiones, y  Doctor en Antropología por el Programa de Pós-Graduação em Antropologia Social, Museu Nacional, Universidade Federal do Rio de Janeiro. Actualmente Profesor Asociado del Departamento de Ciencias Antropológicas, FFyL-UBA, e Investigador Independiente del CONICET.</p>
<p>Sus investigaciones actuales cubren las áreas de la antropología de la política, la antropología de la moral, la teoría antropológica y la etnografía. Anteriormente, trabajó en las áreas de la antropología económica y la antropología rural. Dicta en FFyL-UBA la materia Problemas de Antropología Social y Política, y ha dado seminarios y talleres de posgrado en diversas Universidades Nacionales sobre etnografía, teoría social, antropología política y antropología económica.</p>
<p>Es autor de De leales, desleales y traidores. Valor moral y concepción de política en el peronismo. (Ed. Antropofagia, 2007) y compilador de La productividad social de los procesos políticos. Miradas antropológicas. (Ed. Antropofagia, 2024; en colaboración), Un viaje de cien años. Perspectivas latinoamericanas sobre Los Argonautas del Pacífico Occidental de Bronislaw Malinowski (CAS-IDES, CIS-CONICET/IDES &amp; Ed. Antropofagia, 2024; en colaboración), La comparación en Antropología Social: problemas y perspectivas (Ed. Antropofagia, 2017), Calando la vida. Ambiente y pesca artesanal en el Delta entrerriano (Ed. Antropofagia, 2008; en colaboración) y Representaciones sociales y procesos políticos. Estudios desde la Antropología Social (CAS-IDES &amp; Ed. Antropofagia, 2003; en colaboración). Ha publicado numerosos artículos sobre modos de hacer política, moral, etnografía y pesca comercial artesanal, entre otros temas.</p>

<p>Fernando Alberto Balbi es Licenciado en Ciencias Antropológicas con Orientación Sociocultural por la Facultad de Filosofía y Letras, Universidad de Buenos Aires, Magíster en Antropología Social por el Programa de Posgrado en Antropología Social, Universidad Nacional de Misiones, y  Doctor en Antropología por el Programa de Pós-Graduação em Antropologia Social, Museu Nacional, Universidade Federal do [&hellip;]</p>
