{"id":3058,"date":"2026-03-02T20:16:23","date_gmt":"2026-03-02T23:16:23","guid":{"rendered":"https:\/\/ppas.unam.edu.ar\/?page_id=3058"},"modified":"2026-03-02T20:16:23","modified_gmt":"2026-03-02T23:16:23","slug":"dr-diego-zenobi","status":"publish","type":"page","link":"https:\/\/ppas.unam.edu.ar\/?page_id=3058","title":{"rendered":"Dr. Diego Zenobi"},"content":{"rendered":"<p><img fetchpriority=\"high\" decoding=\"async\" class=\"alignleft size-medium wp-image-3059\" src=\"https:\/\/ppas.unam.edu.ar\/wp-content\/uploads\/2026\/03\/Zenobi-300x300.jpg\" alt=\"\" width=\"300\" height=\"300\" srcset=\"https:\/\/ppas.unam.edu.ar\/wp-content\/uploads\/2026\/03\/Zenobi-300x300.jpg 300w, https:\/\/ppas.unam.edu.ar\/wp-content\/uploads\/2026\/03\/Zenobi-1024x1024.jpg 1024w, https:\/\/ppas.unam.edu.ar\/wp-content\/uploads\/2026\/03\/Zenobi-150x150.jpg 150w, https:\/\/ppas.unam.edu.ar\/wp-content\/uploads\/2026\/03\/Zenobi-768x768.jpg 768w, https:\/\/ppas.unam.edu.ar\/wp-content\/uploads\/2026\/03\/Zenobi-1536x1536.jpg 1536w, https:\/\/ppas.unam.edu.ar\/wp-content\/uploads\/2026\/03\/Zenobi-2048x2048.jpg 2048w\" sizes=\"(max-width: 300px) 100vw, 300px\" \/>Es Licenciado y Dr. en Antropolog\u00eda social (UBA-FFyL) e investigador del CONICET. Es docente regular de grado en la carrera de Ciencias Antropol\u00f3gicas de la UBA y dicta cursos de posgrado en el campo de la etnograf\u00eda y de la antropolog\u00eda social y pol\u00edtica en FLACSO, IDES, EIDAES-UNSAM. Ha sido profesor invitado a la EHESS (Francia) y ha ofrecido charlas y conferencias en universidades de Brasil, Uruguay, Francia y Suecia.<\/p>\n<p>Autor de la etnograf\u00eda \u201cFamilia, pol\u00edtica y emociones: las v\u00edctimas de Croma\u00f1\u00f3n entre el movimiento y el Estado\u201d (Antropofagia, 2014); compilador de \u201cV\u00edctimas: debates sobre una condici\u00f3n contempor\u00e1nea\u201d (Teseo, 2023) y junto a S. Ullberg y T. C. da Silva de \u201cTraces: M\u00e9moires et politiques des crises en Am\u00e9rique Latine\u00bb (L&#8217; Harmattan, 2016).<\/p>\n<p>Realiz\u00f3 consultor\u00edas enfocadas en la evaluaci\u00f3n de pol\u00edticas p\u00fablicas, estudios de impacto social, elaboraci\u00f3n de protocolos y dise\u00f1o y operacionalizaci\u00f3n de indicadores cualitativos, para instituciones nacionales y ONGs.<\/p>\n<p>L\u00edneas de investigaci\u00f3n: procesos pol\u00edticos y estatales; crisis, incertidumbres y futuros; activismos, militancias y compromisos pol\u00edticos; violencias y victimizaciones contempor\u00e1neas; moralidades, emociones y movilizaci\u00f3n pol\u00edtica; politizaci\u00f3n de las profesiones, la expertise y los modos de conocimiento.<\/p>\n","protected":false},"excerpt":{"rendered":"<p>Es Licenciado y Dr. en Antropolog\u00eda social (UBA-FFyL) e investigador del CONICET. Es docente regular de grado en la carrera de Ciencias Antropol\u00f3gicas de la UBA y dicta cursos de posgrado en el campo de la etnograf\u00eda y de la antropolog\u00eda social y pol\u00edtica en FLACSO, IDES, EIDAES-UNSAM. Ha sido profesor invitado a la EHESS [&hellip;]<\/p>\n","protected":false},"author":2,"featured_media":0,"parent":0,"menu_order":0,"comment_status":"closed","ping_status":"closed","template":"","meta":{"footnotes":""},"class_list":["post-3058","page","type-page","status-publish","hentry"],"_links":{"self":[{"href":"https:\/\/ppas.unam.edu.ar\/index.php?rest_route=\/wp\/v2\/pages\/3058","targetHints":{"allow":["GET"]}}],"collection":[{"href":"https:\/\/ppas.unam.edu.ar\/index.php?rest_route=\/wp\/v2\/pages"}],"about":[{"href":"https:\/\/ppas.unam.edu.ar\/index.php?rest_route=\/wp\/v2\/types\/page"}],"author":[{"embeddable":true,"href":"https:\/\/ppas.unam.edu.ar\/index.php?rest_route=\/wp\/v2\/users\/2"}],"replies":[{"embeddable":true,"href":"https:\/\/ppas.unam.edu.ar\/index.php?rest_route=%2Fwp%2Fv2%2Fcomments&post=3058"}],"version-history":[{"count":1,"href":"https:\/\/ppas.unam.edu.ar\/index.php?rest_route=\/wp\/v2\/pages\/3058\/revisions"}],"predecessor-version":[{"id":3060,"href":"https:\/\/ppas.unam.edu.ar\/index.php?rest_route=\/wp\/v2\/pages\/3058\/revisions\/3060"}],"wp:attachment":[{"href":"https:\/\/ppas.unam.edu.ar\/index.php?rest_route=%2Fwp%2Fv2%2Fmedia&parent=3058"}],"curies":[{"name":"wp","href":"https:\/\/api.w.org\/{rel}","templated":true}]}}

<p><img fetchpriority="high" decoding="async" class="alignleft size-medium wp-image-3059" src="https://ppas.unam.edu.ar/wp-content/uploads/2026/03/Zenobi-300x300.jpg" alt="" width="300" height="300" srcset="https://ppas.unam.edu.ar/wp-content/uploads/2026/03/Zenobi-300x300.jpg 300w, https://ppas.unam.edu.ar/wp-content/uploads/2026/03/Zenobi-1024x1024.jpg 1024w, https://ppas.unam.edu.ar/wp-content/uploads/2026/03/Zenobi-150x150.jpg 150w, https://ppas.unam.edu.ar/wp-content/uploads/2026/03/Zenobi-768x768.jpg 768w, https://ppas.unam.edu.ar/wp-content/uploads/2026/03/Zenobi-1536x1536.jpg 1536w, https://ppas.unam.edu.ar/wp-content/uploads/2026/03/Zenobi-2048x2048.jpg 2048w" sizes="(max-width: 300px) 100vw, 300px" />Es Licenciado y Dr. en Antropología social (UBA-FFyL) e investigador del CONICET. Es docente regular de grado en la carrera de Ciencias Antropológicas de la UBA y dicta cursos de posgrado en el campo de la etnografía y de la antropología social y política en FLACSO, IDES, EIDAES-UNSAM. Ha sido profesor invitado a la EHESS (Francia) y ha ofrecido charlas y conferencias en universidades de Brasil, Uruguay, Francia y Suecia.</p>
<p>Autor de la etnografía “Familia, política y emociones: las víctimas de Cromañón entre el movimiento y el Estado” (Antropofagia, 2014); compilador de “Víctimas: debates sobre una condición contemporánea” (Teseo, 2023) y junto a S. Ullberg y T. C. da Silva de “Traces: Mémoires et politiques des crises en Amérique Latine» (L&#8217; Harmattan, 2016).</p>
<p>Realizó consultorías enfocadas en la evaluación de políticas públicas, estudios de impacto social, elaboración de protocolos y diseño y operacionalización de indicadores cualitativos, para instituciones nacionales y ONGs.</p>
<p>Líneas de investigación: procesos políticos y estatales; crisis, incertidumbres y futuros; activismos, militancias y compromisos políticos; violencias y victimizaciones contemporáneas; moralidades, emociones y movilización política; politización de las profesiones, la expertise y los modos de conocimiento.</p>

<p>Es Licenciado y Dr. en Antropología social (UBA-FFyL) e investigador del CONICET. Es docente regular de grado en la carrera de Ciencias Antropológicas de la UBA y dicta cursos de posgrado en el campo de la etnografía y de la antropología social y política en FLACSO, IDES, EIDAES-UNSAM. Ha sido profesor invitado a la EHESS [&hellip;]</p>
