{"id":854,"date":"2021-10-15T21:10:58","date_gmt":"2021-10-16T00:10:58","guid":{"rendered":"https:\/\/ppas.unam.edu.ar\/?page_id=854"},"modified":"2024-05-09T19:57:06","modified_gmt":"2024-05-09T22:57:06","slug":"marilyn-cebolla-badie","status":"publish","type":"page","link":"https:\/\/ppas.unam.edu.ar\/?page_id=854","title":{"rendered":"MARILYN CEBOLLA BADIE"},"content":{"rendered":"<p><img decoding=\"async\" class=\"alignleft size-thumbnail wp-image-850\" src=\"https:\/\/ppas.unam.edu.ar\/wp-content\/uploads\/2021\/10\/marilyn-150x150.png\" alt=\"\" width=\"150\" height=\"150\" srcset=\"https:\/\/ppas.unam.edu.ar\/wp-content\/uploads\/2021\/10\/marilyn-150x150.png 150w, https:\/\/ppas.unam.edu.ar\/wp-content\/uploads\/2021\/10\/marilyn-100x100.png 100w, https:\/\/ppas.unam.edu.ar\/wp-content\/uploads\/2021\/10\/marilyn-60x60.png 60w, https:\/\/ppas.unam.edu.ar\/wp-content\/uploads\/2021\/10\/marilyn-50x50.png 50w, https:\/\/ppas.unam.edu.ar\/wp-content\/uploads\/2021\/10\/marilyn.png 300w\" sizes=\"(max-width: 150px) 100vw, 150px\" \/>Doctora en Antropolog\u00eda Social (Universitat de Barcelona-Espa\u00f1a); Mag\u00edster en Antropolog\u00eda Social (Universitat de Barcelona-Espa\u00f1a) y Licenciada en Antropolog\u00eda Social (UNaM).<\/p>\n<p>Profesora Titular en el Departamento de Antropolog\u00eda Social de la Facultad de Humanidades y Ciencias Sociales (UNaM).<\/p>\n<p>Directora del Programa de Posgrado en Antropolog\u00eda Social (PPAS) desde 2019.<\/p>\n<p>Directora del proyecto de investigaci\u00f3n \u201cMemorias del Contacto. Las relaciones indio-blanco en Misiones, Argentina (1920-1960)\u201d de la Secretar\u00eda de Investigaci\u00f3n y Posgrado (SINVyP- FHyCS\/UNaM).<\/p>\n<p>Codirectora del proyecto \u201cCartograf\u00eda etnogr\u00e1fica e historia ambiental en Misiones (1881-2010)\u201d (SINVyP-FHyCS\/UNaM). Investigadora en el grupo \u201cFronteras culturales en un mundo global. Antropolog\u00eda comparada de los l\u00edmites culturales y sus consecuencias sociopol\u00edticas\u201d de la \u00a0Facultad de Filosof\u00eda y Letras de la Universitat Aut\u00f3noma de Barcelona.<\/p>\n<p>Miembro asesor desde 2013 en la Comisi\u00f3n Asesora sobre Biodiversidad y Sustentabilidad del Ministerio de Ciencia, Tecnolog\u00eda e Innovaci\u00f3n de la Naci\u00f3n.<\/p>\n<p>Vicepresidente del Colegio de Graduados en Antropolog\u00eda Social de la Rep\u00fablica Argentina (CGA) 2019-2022.<\/p>\n<p>Autora de: <em>\u201cEtnograf\u00eda sobre la miel en la cultura mbya-guaran\u00ed\u201d; \u201cCosmolog\u00eda y naturaleza mbya-guaran\u00ed\u201d, \u201cRituales de iniciaci\u00f3n y relaci\u00f3n con la naturaleza entre los mbya-guaran\u00ed\u201d, \u201cTerritorios mbya. Usos del espacio y movilidad\u201d, <\/em>entre otros. Y contribuciones en libros y diversos art\u00edculos publicados en revistas cient\u00edficas de Brasil, Paraguay, Espa\u00f1a y Suiza.<\/p>\n<p><strong>L\u00edneas de investigaci\u00f3n:<\/strong> Relaci\u00f3n naturaleza-cultura, giro ontol\u00f3gico, etnobiolog\u00eda, uso y construcci\u00f3n de paisajes. Sociedades ind\u00edgenas y tradicionales. Relaciones inter\u00e9tnicas en Misiones, memoria e historia. Etnolog\u00eda americana con especializaci\u00f3n en pueblos guaran\u00edes.<\/p>\n","protected":false},"excerpt":{"rendered":"<p>Doctora en Antropolog\u00eda Social (Universitat de Barcelona-Espa\u00f1a); Mag\u00edster en Antropolog\u00eda Social (Universitat de Barcelona-Espa\u00f1a) y Licenciada en Antropolog\u00eda Social (UNaM). Profesora Titular en el Departamento de Antropolog\u00eda Social de la Facultad de Humanidades y Ciencias Sociales (UNaM). Directora del Programa de Posgrado en Antropolog\u00eda Social (PPAS) desde 2019. Directora del proyecto de investigaci\u00f3n \u201cMemorias del [&hellip;]<\/p>\n","protected":false},"author":2,"featured_media":850,"parent":0,"menu_order":0,"comment_status":"closed","ping_status":"closed","template":"","meta":{"footnotes":""},"class_list":["post-854","page","type-page","status-publish","has-post-thumbnail","hentry"],"_links":{"self":[{"href":"https:\/\/ppas.unam.edu.ar\/index.php?rest_route=\/wp\/v2\/pages\/854","targetHints":{"allow":["GET"]}}],"collection":[{"href":"https:\/\/ppas.unam.edu.ar\/index.php?rest_route=\/wp\/v2\/pages"}],"about":[{"href":"https:\/\/ppas.unam.edu.ar\/index.php?rest_route=\/wp\/v2\/types\/page"}],"author":[{"embeddable":true,"href":"https:\/\/ppas.unam.edu.ar\/index.php?rest_route=\/wp\/v2\/users\/2"}],"replies":[{"embeddable":true,"href":"https:\/\/ppas.unam.edu.ar\/index.php?rest_route=%2Fwp%2Fv2%2Fcomments&post=854"}],"version-history":[{"count":3,"href":"https:\/\/ppas.unam.edu.ar\/index.php?rest_route=\/wp\/v2\/pages\/854\/revisions"}],"predecessor-version":[{"id":1826,"href":"https:\/\/ppas.unam.edu.ar\/index.php?rest_route=\/wp\/v2\/pages\/854\/revisions\/1826"}],"wp:featuredmedia":[{"embeddable":true,"href":"https:\/\/ppas.unam.edu.ar\/index.php?rest_route=\/wp\/v2\/media\/850"}],"wp:attachment":[{"href":"https:\/\/ppas.unam.edu.ar\/index.php?rest_route=%2Fwp%2Fv2%2Fmedia&parent=854"}],"curies":[{"name":"wp","href":"https:\/\/api.w.org\/{rel}","templated":true}]}}

<p><img decoding="async" class="alignleft size-thumbnail wp-image-850" src="https://ppas.unam.edu.ar/wp-content/uploads/2021/10/marilyn-150x150.png" alt="" width="150" height="150" srcset="https://ppas.unam.edu.ar/wp-content/uploads/2021/10/marilyn-150x150.png 150w, https://ppas.unam.edu.ar/wp-content/uploads/2021/10/marilyn-100x100.png 100w, https://ppas.unam.edu.ar/wp-content/uploads/2021/10/marilyn-60x60.png 60w, https://ppas.unam.edu.ar/wp-content/uploads/2021/10/marilyn-50x50.png 50w, https://ppas.unam.edu.ar/wp-content/uploads/2021/10/marilyn.png 300w" sizes="(max-width: 150px) 100vw, 150px" />Doctora en Antropología Social (Universitat de Barcelona-España); Magíster en Antropología Social (Universitat de Barcelona-España) y Licenciada en Antropología Social (UNaM).</p>
<p>Profesora Titular en el Departamento de Antropología Social de la Facultad de Humanidades y Ciencias Sociales (UNaM).</p>
<p>Directora del Programa de Posgrado en Antropología Social (PPAS) desde 2019.</p>
<p>Directora del proyecto de investigación “Memorias del Contacto. Las relaciones indio-blanco en Misiones, Argentina (1920-1960)” de la Secretaría de Investigación y Posgrado (SINVyP- FHyCS/UNaM).</p>
<p>Codirectora del proyecto “Cartografía etnográfica e historia ambiental en Misiones (1881-2010)” (SINVyP-FHyCS/UNaM). Investigadora en el grupo “Fronteras culturales en un mundo global. Antropología comparada de los límites culturales y sus consecuencias sociopolíticas” de la  Facultad de Filosofía y Letras de la Universitat Autónoma de Barcelona.</p>
<p>Miembro asesor desde 2013 en la Comisión Asesora sobre Biodiversidad y Sustentabilidad del Ministerio de Ciencia, Tecnología e Innovación de la Nación.</p>
<p>Vicepresidente del Colegio de Graduados en Antropología Social de la República Argentina (CGA) 2019-2022.</p>
<p>Autora de: <em>“Etnografía sobre la miel en la cultura mbya-guaraní”; “Cosmología y naturaleza mbya-guaraní”, “Rituales de iniciación y relación con la naturaleza entre los mbya-guaraní”, “Territorios mbya. Usos del espacio y movilidad”, </em>entre otros. Y contribuciones en libros y diversos artículos publicados en revistas científicas de Brasil, Paraguay, España y Suiza.</p>
<p><strong>Líneas de investigación:</strong> Relación naturaleza-cultura, giro ontológico, etnobiología, uso y construcción de paisajes. Sociedades indígenas y tradicionales. Relaciones interétnicas en Misiones, memoria e historia. Etnología americana con especialización en pueblos guaraníes.</p>

<p>Doctora en Antropología Social (Universitat de Barcelona-España); Magíster en Antropología Social (Universitat de Barcelona-España) y Licenciada en Antropología Social (UNaM). Profesora Titular en el Departamento de Antropología Social de la Facultad de Humanidades y Ciencias Sociales (UNaM). Directora del Programa de Posgrado en Antropología Social (PPAS) desde 2019. Directora del proyecto de investigación “Memorias del [&hellip;]</p>
