{"id":958,"date":"2021-10-15T21:45:57","date_gmt":"2021-10-16T00:45:57","guid":{"rendered":"https:\/\/ppas.unam.edu.ar\/?page_id=958"},"modified":"2026-02-23T09:07:24","modified_gmt":"2026-02-23T12:07:24","slug":"brigida-renoldi","status":"publish","type":"page","link":"https:\/\/ppas.unam.edu.ar\/?page_id=958","title":{"rendered":"BR\u00cdGIDA RENOLDI"},"content":{"rendered":"<p><img decoding=\"async\" class=\"alignleft size-thumbnail wp-image-954\" src=\"https:\/\/ppas.unam.edu.ar\/wp-content\/uploads\/2021\/10\/BRIGIDA-RENOLDI-150x150.png\" alt=\"\" width=\"150\" height=\"150\" srcset=\"https:\/\/ppas.unam.edu.ar\/wp-content\/uploads\/2021\/10\/BRIGIDA-RENOLDI-150x150.png 150w, https:\/\/ppas.unam.edu.ar\/wp-content\/uploads\/2021\/10\/BRIGIDA-RENOLDI-100x100.png 100w, https:\/\/ppas.unam.edu.ar\/wp-content\/uploads\/2021\/10\/BRIGIDA-RENOLDI-60x60.png 60w, https:\/\/ppas.unam.edu.ar\/wp-content\/uploads\/2021\/10\/BRIGIDA-RENOLDI-50x50.png 50w, https:\/\/ppas.unam.edu.ar\/wp-content\/uploads\/2021\/10\/BRIGIDA-RENOLDI.png 300w\" sizes=\"(max-width: 150px) 100vw, 150px\" \/><\/p>\n<p><span style=\"font-weight: 400;\">Doctora en Antropolog\u00eda Cultural (Universidade Federal de Rio de Janeiro-Brasil); Mag\u00edster en Antropolog\u00eda Social (PPAS-UNaM) y Licenciada en Ciencias Antropol\u00f3gicas con orientaci\u00f3n sociocultural (UBA). Investigadora Independiente del Consejo Nacional de Investigaciones Cient\u00edficas y T\u00e9cnicas (CONICET). Profesora Titular Regular en el Departamento de Antropolog\u00eda Social de la Facultad de Humanidades y Ciencias Sociales (UNaM). Sus l\u00edneas de investigaci\u00f3n focalizan en el abordaje etnogr\u00e1fico de las burocracias y el ejercicio de las fuerzas de seguridad y de las polic\u00edas. Investigaci\u00f3n judicial. Constituci\u00f3n social de conflictos y violencias. Pol\u00edticas p\u00fablicas de seguridad y de drogas.\u00a0 Pr\u00e1cticas ilegalizadas y encierro. Procesos de fronterizaci\u00f3n. <\/span><\/p>\n","protected":false},"excerpt":{"rendered":"<p>Doctora en Antropolog\u00eda Cultural (Universidade Federal de Rio de Janeiro-Brasil); Mag\u00edster en Antropolog\u00eda Social (PPAS-UNaM) y Licenciada en Ciencias Antropol\u00f3gicas con orientaci\u00f3n sociocultural (UBA). Investigadora Independiente del Consejo Nacional de Investigaciones Cient\u00edficas y T\u00e9cnicas (CONICET). Profesora Titular Regular en el Departamento de Antropolog\u00eda Social de la Facultad de Humanidades y Ciencias Sociales (UNaM). Sus l\u00edneas [&hellip;]<\/p>\n","protected":false},"author":2,"featured_media":954,"parent":0,"menu_order":0,"comment_status":"closed","ping_status":"closed","template":"","meta":{"footnotes":""},"class_list":["post-958","page","type-page","status-publish","has-post-thumbnail","hentry"],"_links":{"self":[{"href":"https:\/\/ppas.unam.edu.ar\/index.php?rest_route=\/wp\/v2\/pages\/958","targetHints":{"allow":["GET"]}}],"collection":[{"href":"https:\/\/ppas.unam.edu.ar\/index.php?rest_route=\/wp\/v2\/pages"}],"about":[{"href":"https:\/\/ppas.unam.edu.ar\/index.php?rest_route=\/wp\/v2\/types\/page"}],"author":[{"embeddable":true,"href":"https:\/\/ppas.unam.edu.ar\/index.php?rest_route=\/wp\/v2\/users\/2"}],"replies":[{"embeddable":true,"href":"https:\/\/ppas.unam.edu.ar\/index.php?rest_route=%2Fwp%2Fv2%2Fcomments&post=958"}],"version-history":[{"count":3,"href":"https:\/\/ppas.unam.edu.ar\/index.php?rest_route=\/wp\/v2\/pages\/958\/revisions"}],"predecessor-version":[{"id":2978,"href":"https:\/\/ppas.unam.edu.ar\/index.php?rest_route=\/wp\/v2\/pages\/958\/revisions\/2978"}],"wp:featuredmedia":[{"embeddable":true,"href":"https:\/\/ppas.unam.edu.ar\/index.php?rest_route=\/wp\/v2\/media\/954"}],"wp:attachment":[{"href":"https:\/\/ppas.unam.edu.ar\/index.php?rest_route=%2Fwp%2Fv2%2Fmedia&parent=958"}],"curies":[{"name":"wp","href":"https:\/\/api.w.org\/{rel}","templated":true}]}}

BRÍGIDA RENOLDI

<p><img decoding="async" class="alignleft size-thumbnail wp-image-954" src="https://ppas.unam.edu.ar/wp-content/uploads/2021/10/BRIGIDA-RENOLDI-150x150.png" alt="" width="150" height="150" srcset="https://ppas.unam.edu.ar/wp-content/uploads/2021/10/BRIGIDA-RENOLDI-150x150.png 150w, https://ppas.unam.edu.ar/wp-content/uploads/2021/10/BRIGIDA-RENOLDI-100x100.png 100w, https://ppas.unam.edu.ar/wp-content/uploads/2021/10/BRIGIDA-RENOLDI-60x60.png 60w, https://ppas.unam.edu.ar/wp-content/uploads/2021/10/BRIGIDA-RENOLDI-50x50.png 50w, https://ppas.unam.edu.ar/wp-content/uploads/2021/10/BRIGIDA-RENOLDI.png 300w" sizes="(max-width: 150px) 100vw, 150px" /></p>
<p><span style="font-weight: 400;">Doctora en Antropología Cultural (Universidade Federal de Rio de Janeiro-Brasil); Magíster en Antropología Social (PPAS-UNaM) y Licenciada en Ciencias Antropológicas con orientación sociocultural (UBA). Investigadora Independiente del Consejo Nacional de Investigaciones Científicas y Técnicas (CONICET). Profesora Titular Regular en el Departamento de Antropología Social de la Facultad de Humanidades y Ciencias Sociales (UNaM). Sus líneas de investigación focalizan en el abordaje etnográfico de las burocracias y el ejercicio de las fuerzas de seguridad y de las policías. Investigación judicial. Constitución social de conflictos y violencias. Políticas públicas de seguridad y de drogas.  Prácticas ilegalizadas y encierro. Procesos de fronterización. </span></p>

<p>Doctora en Antropología Cultural (Universidade Federal de Rio de Janeiro-Brasil); Magíster en Antropología Social (PPAS-UNaM) y Licenciada en Ciencias Antropológicas con orientación sociocultural (UBA). Investigadora Independiente del Consejo Nacional de Investigaciones Científicas y Técnicas (CONICET). Profesora Titular Regular en el Departamento de Antropología Social de la Facultad de Humanidades y Ciencias Sociales (UNaM). Sus líneas [&hellip;]</p>
